{"id":770,"date":"2021-07-05T23:15:33","date_gmt":"2021-07-06T02:15:33","guid":{"rendered":"https:\/\/www.personare.com.br\/servicos\/?post_type=product&#038;p=770"},"modified":"2026-01-23T17:36:24","modified_gmt":"2026-01-23T20:36:24","slug":"plano-de-terapia-com-florais-de-bach","status":"publish","type":"product","link":"https:\/\/www.personare.com.br\/servicos\/produto\/plano-de-terapia-com-florais-de-bach\/","title":{"rendered":"Plano de Terapia mensal com Florais de Bach"},"content":{"rendered":"<p>Pessoas com quest\u00f5es relacionadas a sa\u00fade e que desejam aux\u00edlio complementar ao realizado pela medicina tradicional<\/p>\n<p>Pessoas com quest\u00f5es afetivas, de relacionamentos ou familiares<\/p>\n<p>Pessoas com problemas financeiros, de prosperidade ou profissionais<\/p>\n<p>Pessoas que sofrem de ansiedade, vivem medos e traumas<\/p>\n","protected":false},"excerpt":{"rendered":"<p>Nesse plano de acompanhamento online, a especialista Monalisa Cavallaro utiliza a terapia floral para te auxiliar no seu processo. A terapia com Florais de Bach nos presenteia com 38 ess\u00eancias florais que s\u00e3o capazes de nos amparar nas mais diversas quest\u00f5es, sejam de sa\u00fade, em relacionamentos ou na esfera profissional. Pode ser utilizada por adultos e crian\u00e7as, sem contra indica\u00e7\u00e3o. O uso de Florais forma uma base amorosa que nos impulsiona a superar com mais leveza as quest\u00f5es da vida.<\/p>\n","protected":false},"featured_media":12148,"comment_status":"open","ping_status":"closed","template":"","meta":{"_acf_changed":false,"footnotes":""},"product_brand":[],"product_cat":[53],"product_tag":[],"areas-da-vida":[161,163,164,171],"estudos-e-terapias":[137],"dores-e-objetivos":[82,86,87,89,90,92,189,93,94,95,96,97,98,99,100,102,103,104,109,110,111,113,116,192,118,120,191],"acf":[],"yoast_head":"<!-- This site is optimized with the Yoast SEO plugin v19.6.1 - https:\/\/yoast.com\/wordpress\/plugins\/seo\/ -->\n<title>Plano de Terapia mensal com Florais de Bach - Personare Servi\u00e7os<\/title>\n<meta name=\"robots\" content=\"index, follow, max-snippet:-1, max-image-preview:large, max-video-preview:-1\" \/>\n<link rel=\"canonical\" href=\"https:\/\/www.personare.com.br\/servicos\/produto\/plano-de-terapia-com-florais-de-bach\/\" \/>\n<meta property=\"og:locale\" content=\"pt_BR\" \/>\n<meta property=\"og:type\" content=\"article\" \/>\n<meta property=\"og:title\" content=\"Plano de Terapia mensal com Florais de Bach - Personare Servi\u00e7os\" \/>\n<meta property=\"og:description\" content=\"Nesse plano de acompanhamento online, a especialista Monalisa Cavallaro utiliza a terapia floral para te auxiliar no seu processo. A terapia com Florais de Bach nos presenteia com 38 ess\u00eancias florais que s\u00e3o capazes de nos amparar nas mais diversas quest\u00f5es, sejam de sa\u00fade, em relacionamentos ou na esfera profissional. Pode ser utilizada por adultos e crian\u00e7as, sem contra indica\u00e7\u00e3o. O uso de Florais forma uma base amorosa que nos impulsiona a superar com mais leveza as quest\u00f5es da vida.\" \/>\n<meta property=\"og:url\" content=\"https:\/\/www.personare.com.br\/servicos\/produto\/plano-de-terapia-com-florais-de-bach\/\" \/>\n<meta property=\"og:site_name\" content=\"Personare Servi\u00e7os\" \/>\n<meta property=\"article:modified_time\" content=\"2026-01-23T20:36:24+00:00\" \/>\n<meta property=\"og:image\" content=\"https:\/\/d2t4cfkrxg4dhd.cloudfront.net\/app\/uploads\/2023\/02\/foto-098-1-scaled-e1624388163546.jpg\" \/>\n\t<meta property=\"og:image:width\" content=\"1600\" \/>\n\t<meta property=\"og:image:height\" content=\"1580\" \/>\n\t<meta property=\"og:image:type\" content=\"image\/jpeg\" \/>\n<meta name=\"twitter:card\" content=\"summary_large_image\" \/>\n<script type=\"application\/ld+json\" class=\"yoast-schema-graph\">{\"@context\":\"https:\/\/schema.org\",\"@graph\":[{\"@type\":\"WebPage\",\"@id\":\"https:\/\/www.personare.com.br\/servicos\/produto\/plano-de-terapia-com-florais-de-bach\/\",\"url\":\"https:\/\/www.personare.com.br\/servicos\/produto\/plano-de-terapia-com-florais-de-bach\/\",\"name\":\"Plano de Terapia mensal com Florais de Bach - Personare Servi\u00e7os\",\"isPartOf\":{\"@id\":\"https:\/\/www.personare.com.br\/servicos\/#website\"},\"datePublished\":\"2021-07-06T02:15:33+00:00\",\"dateModified\":\"2026-01-23T20:36:24+00:00\",\"breadcrumb\":{\"@id\":\"https:\/\/www.personare.com.br\/servicos\/produto\/plano-de-terapia-com-florais-de-bach\/#breadcrumb\"},\"inLanguage\":\"pt-BR\",\"potentialAction\":[{\"@type\":\"ReadAction\",\"target\":[\"https:\/\/www.personare.com.br\/servicos\/produto\/plano-de-terapia-com-florais-de-bach\/\"]}]},{\"@type\":\"BreadcrumbList\",\"@id\":\"https:\/\/www.personare.com.br\/servicos\/produto\/plano-de-terapia-com-florais-de-bach\/#breadcrumb\",\"itemListElement\":[{\"@type\":\"ListItem\",\"position\":1,\"name\":\"In\u00edcio\",\"item\":\"https:\/\/www.personare.com.br\/servicos\/\"},{\"@type\":\"ListItem\",\"position\":2,\"name\":\"Loja\",\"item\":\"https:\/\/www.personare.com.br\/servicos\/busca\/\"},{\"@type\":\"ListItem\",\"position\":3,\"name\":\"Plano de Terapia mensal com Florais de Bach\"}]},{\"@type\":\"WebSite\",\"@id\":\"https:\/\/www.personare.com.br\/servicos\/#website\",\"url\":\"https:\/\/www.personare.com.br\/servicos\/\",\"name\":\"Personare Servi\u00e7os\",\"description\":\"Agende Consultas e Terapias Online no Personare\",\"publisher\":{\"@id\":\"https:\/\/www.personare.com.br\/servicos\/#organization\"},\"potentialAction\":[{\"@type\":\"SearchAction\",\"target\":{\"@type\":\"EntryPoint\",\"urlTemplate\":\"https:\/\/www.personare.com.br\/servicos\/?s={search_term_string}\"},\"query-input\":\"required name=search_term_string\"}],\"inLanguage\":\"pt-BR\"},{\"@type\":\"Organization\",\"@id\":\"https:\/\/www.personare.com.br\/servicos\/#organization\",\"name\":\"Personare\",\"url\":\"https:\/\/www.personare.com.br\/servicos\/\",\"sameAs\":[],\"logo\":{\"@type\":\"ImageObject\",\"inLanguage\":\"pt-BR\",\"@id\":\"https:\/\/www.personare.com.br\/servicos\/#\/schema\/logo\/image\/\",\"url\":\"https:\/\/d2t4cfkrxg4dhd.cloudfront.net\/app\/uploads\/2021\/04\/70295ca5d3b1be44570b5e6d0854fa942edb2ab6.png\",\"contentUrl\":\"https:\/\/d2t4cfkrxg4dhd.cloudfront.net\/app\/uploads\/2021\/04\/70295ca5d3b1be44570b5e6d0854fa942edb2ab6.png\",\"width\":650,\"height\":554,\"caption\":\"Personare\"},\"image\":{\"@id\":\"https:\/\/www.personare.com.br\/servicos\/#\/schema\/logo\/image\/\"}}]}<\/script>\n<!-- \/ Yoast SEO plugin. -->","yoast_head_json":{"title":"Plano de Terapia mensal com Florais de Bach - Personare Servi\u00e7os","robots":{"index":"index","follow":"follow","max-snippet":"max-snippet:-1","max-image-preview":"max-image-preview:large","max-video-preview":"max-video-preview:-1"},"canonical":"https:\/\/www.personare.com.br\/servicos\/produto\/plano-de-terapia-com-florais-de-bach\/","og_locale":"pt_BR","og_type":"article","og_title":"Plano de Terapia mensal com Florais de Bach - Personare Servi\u00e7os","og_description":"Nesse plano de acompanhamento online, a especialista Monalisa Cavallaro utiliza a terapia floral para te auxiliar no seu processo. A terapia com Florais de Bach nos presenteia com 38 ess\u00eancias florais que s\u00e3o capazes de nos amparar nas mais diversas quest\u00f5es, sejam de sa\u00fade, em relacionamentos ou na esfera profissional. Pode ser utilizada por adultos e crian\u00e7as, sem contra indica\u00e7\u00e3o. O uso de Florais forma uma base amorosa que nos impulsiona a superar com mais leveza as quest\u00f5es da vida.","og_url":"https:\/\/www.personare.com.br\/servicos\/produto\/plano-de-terapia-com-florais-de-bach\/","og_site_name":"Personare Servi\u00e7os","article_modified_time":"2026-01-23T20:36:24+00:00","og_image":[{"width":1600,"height":1580,"url":"https:\/\/d2t4cfkrxg4dhd.cloudfront.net\/app\/uploads\/2023\/02\/foto-098-1-scaled-e1624388163546.jpg","type":"image\/jpeg"}],"twitter_card":"summary_large_image","schema":{"@context":"https:\/\/schema.org","@graph":[{"@type":"WebPage","@id":"https:\/\/www.personare.com.br\/servicos\/produto\/plano-de-terapia-com-florais-de-bach\/","url":"https:\/\/www.personare.com.br\/servicos\/produto\/plano-de-terapia-com-florais-de-bach\/","name":"Plano de Terapia mensal com Florais de Bach - Personare Servi\u00e7os","isPartOf":{"@id":"https:\/\/www.personare.com.br\/servicos\/#website"},"datePublished":"2021-07-06T02:15:33+00:00","dateModified":"2026-01-23T20:36:24+00:00","breadcrumb":{"@id":"https:\/\/www.personare.com.br\/servicos\/produto\/plano-de-terapia-com-florais-de-bach\/#breadcrumb"},"inLanguage":"pt-BR","potentialAction":[{"@type":"ReadAction","target":["https:\/\/www.personare.com.br\/servicos\/produto\/plano-de-terapia-com-florais-de-bach\/"]}]},{"@type":"BreadcrumbList","@id":"https:\/\/www.personare.com.br\/servicos\/produto\/plano-de-terapia-com-florais-de-bach\/#breadcrumb","itemListElement":[{"@type":"ListItem","position":1,"name":"In\u00edcio","item":"https:\/\/www.personare.com.br\/servicos\/"},{"@type":"ListItem","position":2,"name":"Loja","item":"https:\/\/www.personare.com.br\/servicos\/busca\/"},{"@type":"ListItem","position":3,"name":"Plano de Terapia mensal com Florais de Bach"}]},{"@type":"WebSite","@id":"https:\/\/www.personare.com.br\/servicos\/#website","url":"https:\/\/www.personare.com.br\/servicos\/","name":"Personare Servi\u00e7os","description":"Agende Consultas e Terapias Online no Personare","publisher":{"@id":"https:\/\/www.personare.com.br\/servicos\/#organization"},"potentialAction":[{"@type":"SearchAction","target":{"@type":"EntryPoint","urlTemplate":"https:\/\/www.personare.com.br\/servicos\/?s={search_term_string}"},"query-input":"required name=search_term_string"}],"inLanguage":"pt-BR"},{"@type":"Organization","@id":"https:\/\/www.personare.com.br\/servicos\/#organization","name":"Personare","url":"https:\/\/www.personare.com.br\/servicos\/","sameAs":[],"logo":{"@type":"ImageObject","inLanguage":"pt-BR","@id":"https:\/\/www.personare.com.br\/servicos\/#\/schema\/logo\/image\/","url":"https:\/\/d2t4cfkrxg4dhd.cloudfront.net\/app\/uploads\/2021\/04\/70295ca5d3b1be44570b5e6d0854fa942edb2ab6.png","contentUrl":"https:\/\/d2t4cfkrxg4dhd.cloudfront.net\/app\/uploads\/2021\/04\/70295ca5d3b1be44570b5e6d0854fa942edb2ab6.png","width":650,"height":554,"caption":"Personare"},"image":{"@id":"https:\/\/www.personare.com.br\/servicos\/#\/schema\/logo\/image\/"}}]}},"_links":{"self":[{"href":"https:\/\/www.personare.com.br\/servicos\/wp-json\/wp\/v2\/product\/770"}],"collection":[{"href":"https:\/\/www.personare.com.br\/servicos\/wp-json\/wp\/v2\/product"}],"about":[{"href":"https:\/\/www.personare.com.br\/servicos\/wp-json\/wp\/v2\/types\/product"}],"replies":[{"embeddable":true,"href":"https:\/\/www.personare.com.br\/servicos\/wp-json\/wp\/v2\/comments?post=770"}],"version-history":[{"count":4,"href":"https:\/\/www.personare.com.br\/servicos\/wp-json\/wp\/v2\/product\/770\/revisions"}],"predecessor-version":[{"id":24509,"href":"https:\/\/www.personare.com.br\/servicos\/wp-json\/wp\/v2\/product\/770\/revisions\/24509"}],"wp:featuredmedia":[{"embeddable":true,"href":"https:\/\/www.personare.com.br\/servicos\/wp-json\/wp\/v2\/media\/12148"}],"wp:attachment":[{"href":"https:\/\/www.personare.com.br\/servicos\/wp-json\/wp\/v2\/media?parent=770"}],"wp:term":[{"taxonomy":"product_brand","embeddable":true,"href":"https:\/\/www.personare.com.br\/servicos\/wp-json\/wp\/v2\/product_brand?post=770"},{"taxonomy":"product_cat","embeddable":true,"href":"https:\/\/www.personare.com.br\/servicos\/wp-json\/wp\/v2\/product_cat?post=770"},{"taxonomy":"product_tag","embeddable":true,"href":"https:\/\/www.personare.com.br\/servicos\/wp-json\/wp\/v2\/product_tag?post=770"},{"taxonomy":"areas-da-vida","embeddable":true,"href":"https:\/\/www.personare.com.br\/servicos\/wp-json\/wp\/v2\/areas-da-vida?post=770"},{"taxonomy":"estudos-e-terapias","embeddable":true,"href":"https:\/\/www.personare.com.br\/servicos\/wp-json\/wp\/v2\/estudos-e-terapias?post=770"},{"taxonomy":"dores-e-objetivos","embeddable":true,"href":"https:\/\/www.personare.com.br\/servicos\/wp-json\/wp\/v2\/dores-e-objetivos?post=770"}],"curies":[{"name":"wp","href":"https:\/\/api.w.org\/{rel}","templated":true}]}}

<p>Pessoas com questões relacionadas a saúde e que desejam auxílio complementar ao realizado pela medicina tradicional</p>
<p>Pessoas com questões afetivas, de relacionamentos ou familiares</p>
<p>Pessoas com problemas financeiros, de prosperidade ou profissionais</p>
<p>Pessoas que sofrem de ansiedade, vivem medos e traumas</p>

<p>Nesse plano de acompanhamento online, a especialista Monalisa Cavallaro utiliza a terapia floral para te auxiliar no seu processo. A terapia com Florais de Bach nos presenteia com 38 essências florais que são capazes de nos amparar nas mais diversas questões, sejam de saúde, em relacionamentos ou na esfera profissional. Pode ser utilizada por adultos e crianças, sem contra indicação. O uso de Florais forma uma base amorosa que nos impulsiona a superar com mais leveza as questões da vida.</p>

<!-- This site is optimized with the Yoast SEO plugin v19.6.1 - https://yoast.com/wordpress/plugins/seo/ -->
<title>Plano de Terapia mensal com Florais de Bach - Personare Serviços</title>
<meta name="robots" content="index, follow, max-snippet:-1, max-image-preview:large, max-video-preview:-1" />
<link rel="canonical" href="https://www.personare.com.br/servicos/produto/plano-de-terapia-com-florais-de-bach/" />
<meta property="og:locale" content="pt_BR" />
<meta property="og:type" content="article" />
<meta property="og:title" content="Plano de Terapia mensal com Florais de Bach - Personare Serviços" />
<meta property="og:description" content="Nesse plano de acompanhamento online, a especialista Monalisa Cavallaro utiliza a terapia floral para te auxiliar no seu processo. A terapia com Florais de Bach nos presenteia com 38 essências florais que são capazes de nos amparar nas mais diversas questões, sejam de saúde, em relacionamentos ou na esfera profissional. Pode ser utilizada por adultos e crianças, sem contra indicação. O uso de Florais forma uma base amorosa que nos impulsiona a superar com mais leveza as questões da vida." />
<meta property="og:url" content="https://www.personare.com.br/servicos/produto/plano-de-terapia-com-florais-de-bach/" />
<meta property="og:site_name" content="Personare Serviços" />
<meta property="article:modified_time" content="2026-01-23T20:36:24+00:00" />
<meta property="og:image" content="https://d2t4cfkrxg4dhd.cloudfront.net/app/uploads/2023/02/foto-098-1-scaled-e1624388163546.jpg" />
	<meta property="og:image:width" content="1600" />
	<meta property="og:image:height" content="1580" />
	<meta property="og:image:type" content="image/jpeg" />
<meta name="twitter:card" content="summary_large_image" />
<script type="application/ld+json" class="yoast-schema-graph">{"@context":"https://schema.org","@graph":[{"@type":"WebPage","@id":"https://www.personare.com.br/servicos/produto/plano-de-terapia-com-florais-de-bach/","url":"https://www.personare.com.br/servicos/produto/plano-de-terapia-com-florais-de-bach/","name":"Plano de Terapia mensal com Florais de Bach - Personare Serviços","isPartOf":{"@id":"https://www.personare.com.br/servicos/#website"},"datePublished":"2021-07-06T02:15:33+00:00","dateModified":"2026-01-23T20:36:24+00:00","breadcrumb":{"@id":"https://www.personare.com.br/servicos/produto/plano-de-terapia-com-florais-de-bach/#breadcrumb"},"inLanguage":"pt-BR","potentialAction":[{"@type":"ReadAction","target":["https://www.personare.com.br/servicos/produto/plano-de-terapia-com-florais-de-bach/"]}]},{"@type":"BreadcrumbList","@id":"https://www.personare.com.br/servicos/produto/plano-de-terapia-com-florais-de-bach/#breadcrumb","itemListElement":[{"@type":"ListItem","position":1,"name":"Início","item":"https://www.personare.com.br/servicos/"},{"@type":"ListItem","position":2,"name":"Loja","item":"https://www.personare.com.br/servicos/busca/"},{"@type":"ListItem","position":3,"name":"Plano de Terapia mensal com Florais de Bach"}]},{"@type":"WebSite","@id":"https://www.personare.com.br/servicos/#website","url":"https://www.personare.com.br/servicos/","name":"Personare Serviços","description":"Agende Consultas e Terapias Online no Personare","publisher":{"@id":"https://www.personare.com.br/servicos/#organization"},"potentialAction":[{"@type":"SearchAction","target":{"@type":"EntryPoint","urlTemplate":"https://www.personare.com.br/servicos/?s={search_term_string}"},"query-input":"required name=search_term_string"}],"inLanguage":"pt-BR"},{"@type":"Organization","@id":"https://www.personare.com.br/servicos/#organization","name":"Personare","url":"https://www.personare.com.br/servicos/","sameAs":[],"logo":{"@type":"ImageObject","inLanguage":"pt-BR","@id":"https://www.personare.com.br/servicos/#/schema/logo/image/","url":"https://d2t4cfkrxg4dhd.cloudfront.net/app/uploads/2021/04/70295ca5d3b1be44570b5e6d0854fa942edb2ab6.png","contentUrl":"https://d2t4cfkrxg4dhd.cloudfront.net/app/uploads/2021/04/70295ca5d3b1be44570b5e6d0854fa942edb2ab6.png","width":650,"height":554,"caption":"Personare"},"image":{"@id":"https://www.personare.com.br/servicos/#/schema/logo/image/"}}]}</script>
<!-- / Yoast SEO plugin. -->

Plano de Terapia mensal com Florais de Bach - Personare Serviços

Nesse plano de acompanhamento online, a especialista Monalisa Cavallaro utiliza a terapia floral para te auxiliar no seu processo. A terapia com Florais de Bach nos presenteia com 38 essências florais que são capazes de nos amparar nas mais diversas questões, sejam de saúde, em relacionamentos ou na esfera profissional. Pode ser utilizada por adultos e crianças, sem contra indicação. O uso de Florais forma uma base amorosa que nos impulsiona a superar com mais leveza as questões da vida.

Personare Serviços

Início
