{"id":4846,"date":"2022-12-06T16:52:17","date_gmt":"2022-12-06T19:52:17","guid":{"rendered":"https:\/\/www.personare.com.br\/servicos\/?post_type=product&#038;p=4846"},"modified":"2024-08-22T11:47:03","modified_gmt":"2024-08-22T14:47:03","slug":"abrindo-caminhos-para-que-o-amor-aconteca","status":"publish","type":"product","link":"https:\/\/www.personare.com.br\/servicos\/produto\/abrindo-caminhos-para-que-o-amor-aconteca\/","title":{"rendered":"Abrindo caminhos para que o amor aconte\u00e7a"},"content":{"rendered":"<p>Para quem quer desbloquear a vida afetiva, j\u00e1 colocando em pr\u00e1tica os passos para isso.<br \/>\nPara quem se v\u00ea preso em desafios persistentes na vida afetiva e quer mudar esta realidade.<br \/>\nPara quem quer come\u00e7ar uma mudan\u00e7a de rumos e\/ou renova\u00e7\u00e3o na vida amorosa.<br \/>\nPara quem quer identificar as ra\u00edzes dos problemas afetivos e come\u00e7ar o novo ciclo, mudando efetivamente no amor.<br \/>\nPara quem quer limpar pesos e dores afetivas.<\/p>\n","protected":false},"excerpt":{"rendered":"<p>Agende uma consulta online com uma das maiores especialistas em amor do Brasil. Ceci Akamatsu \u00e9 a especialista em amor mais lida do Personare e autora do livro \u201cPara que o Amor Aconte\u00e7a\u201d, com mais de 15.000 c\u00f3pias vendidas.<\/p>\n<p>A terapeuta energ\u00e9tica utilizar\u00e1 nesta consulta or\u00e1culos, uma conversa, um trabalho energ\u00e9tico, al\u00e9m de enviar para uma ferramenta energ\u00e9tica para voc\u00ea continuar trabalhando sua energia e abrindo caminhos afetivos.<\/p>\n","protected":false},"featured_media":12024,"comment_status":"open","ping_status":"closed","template":"","meta":{"_acf_changed":false,"footnotes":""},"product_brand":[],"product_cat":[52],"product_tag":[],"areas-da-vida":[162,164],"estudos-e-terapias":[126,208,148,149],"dores-e-objetivos":[83,87,88,90,98,109,113,116,119],"acf":[],"yoast_head":"<!-- This site is optimized with the Yoast SEO plugin v19.6.1 - https:\/\/yoast.com\/wordpress\/plugins\/seo\/ -->\n<title>Abrindo caminhos para que o amor aconte\u00e7a - Personare Servi\u00e7os<\/title>\n<meta name=\"robots\" content=\"index, follow, max-snippet:-1, max-image-preview:large, max-video-preview:-1\" \/>\n<link rel=\"canonical\" href=\"https:\/\/www.personare.com.br\/servicos\/produto\/abrindo-caminhos-para-que-o-amor-aconteca\/\" \/>\n<meta property=\"og:locale\" content=\"pt_BR\" \/>\n<meta property=\"og:type\" content=\"article\" \/>\n<meta property=\"og:title\" content=\"Abrindo caminhos para que o amor aconte\u00e7a - Personare Servi\u00e7os\" \/>\n<meta property=\"og:description\" content=\"Agende uma consulta online com uma das maiores especialistas em amor do Brasil. Ceci Akamatsu \u00e9 a especialista em amor mais lida do Personare e autora do livro \u201cPara que o Amor Aconte\u00e7a\u201d, com mais de 15.000 c\u00f3pias vendidas. A terapeuta energ\u00e9tica utilizar\u00e1 nesta consulta or\u00e1culos, uma conversa, um trabalho energ\u00e9tico, al\u00e9m de enviar para uma ferramenta energ\u00e9tica para voc\u00ea continuar trabalhando sua energia e abrindo caminhos afetivos.\" \/>\n<meta property=\"og:url\" content=\"https:\/\/www.personare.com.br\/servicos\/produto\/abrindo-caminhos-para-que-o-amor-aconteca\/\" \/>\n<meta property=\"og:site_name\" content=\"Personare Servi\u00e7os\" \/>\n<meta property=\"article:modified_time\" content=\"2024-08-22T14:47:03+00:00\" \/>\n<meta property=\"og:image\" content=\"https:\/\/d2t4cfkrxg4dhd.cloudfront.net\/app\/uploads\/2021\/04\/Foto-para-novo-atendimento.jpeg\" \/>\n\t<meta property=\"og:image:width\" content=\"1200\" \/>\n\t<meta property=\"og:image:height\" content=\"1600\" \/>\n\t<meta property=\"og:image:type\" content=\"image\/jpeg\" \/>\n<meta name=\"twitter:card\" content=\"summary_large_image\" \/>\n<meta name=\"twitter:label1\" content=\"Est. tempo de leitura\" \/>\n\t<meta name=\"twitter:data1\" content=\"1 minuto\" \/>\n<script type=\"application\/ld+json\" class=\"yoast-schema-graph\">{\"@context\":\"https:\/\/schema.org\",\"@graph\":[{\"@type\":\"WebPage\",\"@id\":\"https:\/\/www.personare.com.br\/servicos\/produto\/abrindo-caminhos-para-que-o-amor-aconteca\/\",\"url\":\"https:\/\/www.personare.com.br\/servicos\/produto\/abrindo-caminhos-para-que-o-amor-aconteca\/\",\"name\":\"Abrindo caminhos para que o amor aconte\u00e7a - Personare Servi\u00e7os\",\"isPartOf\":{\"@id\":\"https:\/\/www.personare.com.br\/servicos\/#website\"},\"datePublished\":\"2022-12-06T19:52:17+00:00\",\"dateModified\":\"2024-08-22T14:47:03+00:00\",\"breadcrumb\":{\"@id\":\"https:\/\/www.personare.com.br\/servicos\/produto\/abrindo-caminhos-para-que-o-amor-aconteca\/#breadcrumb\"},\"inLanguage\":\"pt-BR\",\"potentialAction\":[{\"@type\":\"ReadAction\",\"target\":[\"https:\/\/www.personare.com.br\/servicos\/produto\/abrindo-caminhos-para-que-o-amor-aconteca\/\"]}]},{\"@type\":\"BreadcrumbList\",\"@id\":\"https:\/\/www.personare.com.br\/servicos\/produto\/abrindo-caminhos-para-que-o-amor-aconteca\/#breadcrumb\",\"itemListElement\":[{\"@type\":\"ListItem\",\"position\":1,\"name\":\"In\u00edcio\",\"item\":\"https:\/\/www.personare.com.br\/servicos\/\"},{\"@type\":\"ListItem\",\"position\":2,\"name\":\"Loja\",\"item\":\"https:\/\/www.personare.com.br\/servicos\/busca\/\"},{\"@type\":\"ListItem\",\"position\":3,\"name\":\"Abrindo caminhos para que o amor aconte\u00e7a\"}]},{\"@type\":\"WebSite\",\"@id\":\"https:\/\/www.personare.com.br\/servicos\/#website\",\"url\":\"https:\/\/www.personare.com.br\/servicos\/\",\"name\":\"Personare Servi\u00e7os\",\"description\":\"Agende Consultas e Terapias Online no Personare\",\"publisher\":{\"@id\":\"https:\/\/www.personare.com.br\/servicos\/#organization\"},\"potentialAction\":[{\"@type\":\"SearchAction\",\"target\":{\"@type\":\"EntryPoint\",\"urlTemplate\":\"https:\/\/www.personare.com.br\/servicos\/?s={search_term_string}\"},\"query-input\":\"required name=search_term_string\"}],\"inLanguage\":\"pt-BR\"},{\"@type\":\"Organization\",\"@id\":\"https:\/\/www.personare.com.br\/servicos\/#organization\",\"name\":\"Personare\",\"url\":\"https:\/\/www.personare.com.br\/servicos\/\",\"sameAs\":[],\"logo\":{\"@type\":\"ImageObject\",\"inLanguage\":\"pt-BR\",\"@id\":\"https:\/\/www.personare.com.br\/servicos\/#\/schema\/logo\/image\/\",\"url\":\"https:\/\/d2t4cfkrxg4dhd.cloudfront.net\/app\/uploads\/2021\/04\/70295ca5d3b1be44570b5e6d0854fa942edb2ab6.png\",\"contentUrl\":\"https:\/\/d2t4cfkrxg4dhd.cloudfront.net\/app\/uploads\/2021\/04\/70295ca5d3b1be44570b5e6d0854fa942edb2ab6.png\",\"width\":650,\"height\":554,\"caption\":\"Personare\"},\"image\":{\"@id\":\"https:\/\/www.personare.com.br\/servicos\/#\/schema\/logo\/image\/\"}}]}<\/script>\n<!-- \/ Yoast SEO plugin. -->","yoast_head_json":{"title":"Abrindo caminhos para que o amor aconte\u00e7a - Personare Servi\u00e7os","robots":{"index":"index","follow":"follow","max-snippet":"max-snippet:-1","max-image-preview":"max-image-preview:large","max-video-preview":"max-video-preview:-1"},"canonical":"https:\/\/www.personare.com.br\/servicos\/produto\/abrindo-caminhos-para-que-o-amor-aconteca\/","og_locale":"pt_BR","og_type":"article","og_title":"Abrindo caminhos para que o amor aconte\u00e7a - Personare Servi\u00e7os","og_description":"Agende uma consulta online com uma das maiores especialistas em amor do Brasil. Ceci Akamatsu \u00e9 a especialista em amor mais lida do Personare e autora do livro \u201cPara que o Amor Aconte\u00e7a\u201d, com mais de 15.000 c\u00f3pias vendidas. A terapeuta energ\u00e9tica utilizar\u00e1 nesta consulta or\u00e1culos, uma conversa, um trabalho energ\u00e9tico, al\u00e9m de enviar para uma ferramenta energ\u00e9tica para voc\u00ea continuar trabalhando sua energia e abrindo caminhos afetivos.","og_url":"https:\/\/www.personare.com.br\/servicos\/produto\/abrindo-caminhos-para-que-o-amor-aconteca\/","og_site_name":"Personare Servi\u00e7os","article_modified_time":"2024-08-22T14:47:03+00:00","og_image":[{"width":1200,"height":1600,"url":"https:\/\/d2t4cfkrxg4dhd.cloudfront.net\/app\/uploads\/2021\/04\/Foto-para-novo-atendimento.jpeg","type":"image\/jpeg"}],"twitter_card":"summary_large_image","twitter_misc":{"Est. tempo de leitura":"1 minuto"},"schema":{"@context":"https:\/\/schema.org","@graph":[{"@type":"WebPage","@id":"https:\/\/www.personare.com.br\/servicos\/produto\/abrindo-caminhos-para-que-o-amor-aconteca\/","url":"https:\/\/www.personare.com.br\/servicos\/produto\/abrindo-caminhos-para-que-o-amor-aconteca\/","name":"Abrindo caminhos para que o amor aconte\u00e7a - Personare Servi\u00e7os","isPartOf":{"@id":"https:\/\/www.personare.com.br\/servicos\/#website"},"datePublished":"2022-12-06T19:52:17+00:00","dateModified":"2024-08-22T14:47:03+00:00","breadcrumb":{"@id":"https:\/\/www.personare.com.br\/servicos\/produto\/abrindo-caminhos-para-que-o-amor-aconteca\/#breadcrumb"},"inLanguage":"pt-BR","potentialAction":[{"@type":"ReadAction","target":["https:\/\/www.personare.com.br\/servicos\/produto\/abrindo-caminhos-para-que-o-amor-aconteca\/"]}]},{"@type":"BreadcrumbList","@id":"https:\/\/www.personare.com.br\/servicos\/produto\/abrindo-caminhos-para-que-o-amor-aconteca\/#breadcrumb","itemListElement":[{"@type":"ListItem","position":1,"name":"In\u00edcio","item":"https:\/\/www.personare.com.br\/servicos\/"},{"@type":"ListItem","position":2,"name":"Loja","item":"https:\/\/www.personare.com.br\/servicos\/busca\/"},{"@type":"ListItem","position":3,"name":"Abrindo caminhos para que o amor aconte\u00e7a"}]},{"@type":"WebSite","@id":"https:\/\/www.personare.com.br\/servicos\/#website","url":"https:\/\/www.personare.com.br\/servicos\/","name":"Personare Servi\u00e7os","description":"Agende Consultas e Terapias Online no Personare","publisher":{"@id":"https:\/\/www.personare.com.br\/servicos\/#organization"},"potentialAction":[{"@type":"SearchAction","target":{"@type":"EntryPoint","urlTemplate":"https:\/\/www.personare.com.br\/servicos\/?s={search_term_string}"},"query-input":"required name=search_term_string"}],"inLanguage":"pt-BR"},{"@type":"Organization","@id":"https:\/\/www.personare.com.br\/servicos\/#organization","name":"Personare","url":"https:\/\/www.personare.com.br\/servicos\/","sameAs":[],"logo":{"@type":"ImageObject","inLanguage":"pt-BR","@id":"https:\/\/www.personare.com.br\/servicos\/#\/schema\/logo\/image\/","url":"https:\/\/d2t4cfkrxg4dhd.cloudfront.net\/app\/uploads\/2021\/04\/70295ca5d3b1be44570b5e6d0854fa942edb2ab6.png","contentUrl":"https:\/\/d2t4cfkrxg4dhd.cloudfront.net\/app\/uploads\/2021\/04\/70295ca5d3b1be44570b5e6d0854fa942edb2ab6.png","width":650,"height":554,"caption":"Personare"},"image":{"@id":"https:\/\/www.personare.com.br\/servicos\/#\/schema\/logo\/image\/"}}]}},"_links":{"self":[{"href":"https:\/\/www.personare.com.br\/servicos\/wp-json\/wp\/v2\/product\/4846"}],"collection":[{"href":"https:\/\/www.personare.com.br\/servicos\/wp-json\/wp\/v2\/product"}],"about":[{"href":"https:\/\/www.personare.com.br\/servicos\/wp-json\/wp\/v2\/types\/product"}],"replies":[{"embeddable":true,"href":"https:\/\/www.personare.com.br\/servicos\/wp-json\/wp\/v2\/comments?post=4846"}],"version-history":[{"count":2,"href":"https:\/\/www.personare.com.br\/servicos\/wp-json\/wp\/v2\/product\/4846\/revisions"}],"predecessor-version":[{"id":13242,"href":"https:\/\/www.personare.com.br\/servicos\/wp-json\/wp\/v2\/product\/4846\/revisions\/13242"}],"wp:featuredmedia":[{"embeddable":true,"href":"https:\/\/www.personare.com.br\/servicos\/wp-json\/wp\/v2\/media\/12024"}],"wp:attachment":[{"href":"https:\/\/www.personare.com.br\/servicos\/wp-json\/wp\/v2\/media?parent=4846"}],"wp:term":[{"taxonomy":"product_brand","embeddable":true,"href":"https:\/\/www.personare.com.br\/servicos\/wp-json\/wp\/v2\/product_brand?post=4846"},{"taxonomy":"product_cat","embeddable":true,"href":"https:\/\/www.personare.com.br\/servicos\/wp-json\/wp\/v2\/product_cat?post=4846"},{"taxonomy":"product_tag","embeddable":true,"href":"https:\/\/www.personare.com.br\/servicos\/wp-json\/wp\/v2\/product_tag?post=4846"},{"taxonomy":"areas-da-vida","embeddable":true,"href":"https:\/\/www.personare.com.br\/servicos\/wp-json\/wp\/v2\/areas-da-vida?post=4846"},{"taxonomy":"estudos-e-terapias","embeddable":true,"href":"https:\/\/www.personare.com.br\/servicos\/wp-json\/wp\/v2\/estudos-e-terapias?post=4846"},{"taxonomy":"dores-e-objetivos","embeddable":true,"href":"https:\/\/www.personare.com.br\/servicos\/wp-json\/wp\/v2\/dores-e-objetivos?post=4846"}],"curies":[{"name":"wp","href":"https:\/\/api.w.org\/{rel}","templated":true}]}}