{"id":4000,"date":"2022-10-18T17:02:26","date_gmt":"2022-10-18T20:02:26","guid":{"rendered":"https:\/\/www.personare.com.br\/servicos\/?post_type=product&#038;p=4000"},"modified":"2025-01-24T13:44:20","modified_gmt":"2025-01-24T16:44:20","slug":"consultoria-energetica-empresarial","status":"publish","type":"product","link":"https:\/\/www.personare.com.br\/servicos\/produto\/consultoria-energetica-empresarial\/","title":{"rendered":"Consultoria Energ\u00e9tica Empresarial"},"content":{"rendered":"<p>Para aqueles que t\u00eam dificuldade em desenvolver o seu pr\u00f3prio neg\u00f3cio.<\/p>\n<p>Empresas e freelancers que desejam melhores resultados.<\/p>\n<p>Para aqueles que sentem que seus parceiros de neg\u00f3cios n\u00e3o est\u00e3o alinhados com seu prop\u00f3sito.<\/p>\n<p>Propriet\u00e1rios e s\u00f3cios que t\u00eam novos objetivos e encontram resist\u00eancia.<\/p>\n<p>Para empresas que precisam se desligar de ex-s\u00f3cios e funcion\u00e1rios.<\/p>\n<p>Empresas que querem manter o crescimento.<\/p>\n<p>Empreendedores com novos objetivos, mas que encontram resist\u00eancia para avan\u00e7ar.<\/p>\n","protected":false},"excerpt":{"rendered":"<p>Decidiu empreender, mas sente que seu neg\u00f3cio ainda n\u00e3o est\u00e1 trazendo os resultados desejados? Sua empresa parece estagnada ou enfrentando dificuldades para crescer? Ou, talvez, seu sonho de ter um neg\u00f3cio de sucesso ainda esteja no papel?<\/p>\n<p>Energias estagnadas de situa\u00e7\u00f5es passadas, m\u00e1goas e ressentimentos, influ\u00eancias espirituais e ataques direcionados de energia podem retardar o crescimento do seu neg\u00f3cio.<\/p>\n<p>A Consultoria Energ\u00e9tica Empresarial ajuda a desbloquear resultados, atrair parceiros de neg\u00f3cios e funcion\u00e1rios alinhados com o crescimento da sua empresa, afastar energias espirituais nocivas e limpar influ\u00eancias energ\u00e9ticas que bloqueiam o crescimento e a expans\u00e3o.<\/p>\n","protected":false},"featured_media":12043,"comment_status":"open","ping_status":"closed","template":"","meta":{"_acf_changed":false,"footnotes":""},"product_brand":[],"product_cat":[52],"product_tag":[],"areas-da-vida":[165,167],"estudos-e-terapias":[126,208,141],"dores-e-objetivos":[212,207,94,120],"acf":[],"yoast_head":"<!-- This site is optimized with the Yoast SEO plugin v19.6.1 - https:\/\/yoast.com\/wordpress\/plugins\/seo\/ -->\n<title>Consultoria Energ\u00e9tica Empresarial - Personare Servi\u00e7os<\/title>\n<meta name=\"description\" content=\"A Consultoria Energ\u00e9tica Empresarial ajuda a desbloquear resultados, atrair parceiros de neg\u00f3cio e funcion\u00e1rios alinhados com o crescimento da sua empresa.\" \/>\n<meta name=\"robots\" content=\"index, follow, max-snippet:-1, max-image-preview:large, max-video-preview:-1\" \/>\n<link rel=\"canonical\" href=\"https:\/\/www.personare.com.br\/servicos\/produto\/consultoria-energetica-empresarial\/\" \/>\n<meta property=\"og:locale\" content=\"pt_BR\" \/>\n<meta property=\"og:type\" content=\"article\" \/>\n<meta property=\"og:title\" content=\"Consultoria Energ\u00e9tica Empresarial - Personare Servi\u00e7os\" \/>\n<meta property=\"og:description\" content=\"A Consultoria Energ\u00e9tica Empresarial ajuda a desbloquear resultados, atrair parceiros de neg\u00f3cio e funcion\u00e1rios alinhados com o crescimento da sua empresa.\" \/>\n<meta property=\"og:url\" content=\"https:\/\/www.personare.com.br\/servicos\/produto\/consultoria-energetica-empresarial\/\" \/>\n<meta property=\"og:site_name\" content=\"Personare Servi\u00e7os\" \/>\n<meta property=\"article:modified_time\" content=\"2025-01-24T16:44:20+00:00\" \/>\n<meta property=\"og:image\" content=\"https:\/\/d2t4cfkrxg4dhd.cloudfront.net\/app\/uploads\/2022\/10\/WhatsApp-Image-2022-10-18-at-17.22.06-1.jpeg\" \/>\n\t<meta property=\"og:image:width\" content=\"1600\" \/>\n\t<meta property=\"og:image:height\" content=\"1066\" \/>\n\t<meta property=\"og:image:type\" content=\"image\/jpeg\" \/>\n<meta name=\"twitter:card\" content=\"summary_large_image\" \/>\n<meta name=\"twitter:label1\" content=\"Est. tempo de leitura\" \/>\n\t<meta name=\"twitter:data1\" content=\"1 minuto\" \/>\n<script type=\"application\/ld+json\" class=\"yoast-schema-graph\">{\"@context\":\"https:\/\/schema.org\",\"@graph\":[{\"@type\":\"WebPage\",\"@id\":\"https:\/\/www.personare.com.br\/servicos\/produto\/consultoria-energetica-empresarial\/\",\"url\":\"https:\/\/www.personare.com.br\/servicos\/produto\/consultoria-energetica-empresarial\/\",\"name\":\"Consultoria Energ\u00e9tica Empresarial - Personare Servi\u00e7os\",\"isPartOf\":{\"@id\":\"https:\/\/www.personare.com.br\/servicos\/#website\"},\"datePublished\":\"2022-10-18T20:02:26+00:00\",\"dateModified\":\"2025-01-24T16:44:20+00:00\",\"description\":\"A Consultoria Energ\u00e9tica Empresarial ajuda a desbloquear resultados, atrair parceiros de neg\u00f3cio e funcion\u00e1rios alinhados com o crescimento da sua empresa.\",\"breadcrumb\":{\"@id\":\"https:\/\/www.personare.com.br\/servicos\/produto\/consultoria-energetica-empresarial\/#breadcrumb\"},\"inLanguage\":\"pt-BR\",\"potentialAction\":[{\"@type\":\"ReadAction\",\"target\":[\"https:\/\/www.personare.com.br\/servicos\/produto\/consultoria-energetica-empresarial\/\"]}]},{\"@type\":\"BreadcrumbList\",\"@id\":\"https:\/\/www.personare.com.br\/servicos\/produto\/consultoria-energetica-empresarial\/#breadcrumb\",\"itemListElement\":[{\"@type\":\"ListItem\",\"position\":1,\"name\":\"In\u00edcio\",\"item\":\"https:\/\/www.personare.com.br\/servicos\/\"},{\"@type\":\"ListItem\",\"position\":2,\"name\":\"Loja\",\"item\":\"https:\/\/www.personare.com.br\/servicos\/busca\/\"},{\"@type\":\"ListItem\",\"position\":3,\"name\":\"Consultoria Energ\u00e9tica Empresarial\"}]},{\"@type\":\"WebSite\",\"@id\":\"https:\/\/www.personare.com.br\/servicos\/#website\",\"url\":\"https:\/\/www.personare.com.br\/servicos\/\",\"name\":\"Personare Servi\u00e7os\",\"description\":\"Agende Consultas e Terapias Online no Personare\",\"publisher\":{\"@id\":\"https:\/\/www.personare.com.br\/servicos\/#organization\"},\"potentialAction\":[{\"@type\":\"SearchAction\",\"target\":{\"@type\":\"EntryPoint\",\"urlTemplate\":\"https:\/\/www.personare.com.br\/servicos\/?s={search_term_string}\"},\"query-input\":\"required name=search_term_string\"}],\"inLanguage\":\"pt-BR\"},{\"@type\":\"Organization\",\"@id\":\"https:\/\/www.personare.com.br\/servicos\/#organization\",\"name\":\"Personare\",\"url\":\"https:\/\/www.personare.com.br\/servicos\/\",\"sameAs\":[],\"logo\":{\"@type\":\"ImageObject\",\"inLanguage\":\"pt-BR\",\"@id\":\"https:\/\/www.personare.com.br\/servicos\/#\/schema\/logo\/image\/\",\"url\":\"https:\/\/d2t4cfkrxg4dhd.cloudfront.net\/app\/uploads\/2021\/04\/70295ca5d3b1be44570b5e6d0854fa942edb2ab6.png\",\"contentUrl\":\"https:\/\/d2t4cfkrxg4dhd.cloudfront.net\/app\/uploads\/2021\/04\/70295ca5d3b1be44570b5e6d0854fa942edb2ab6.png\",\"width\":650,\"height\":554,\"caption\":\"Personare\"},\"image\":{\"@id\":\"https:\/\/www.personare.com.br\/servicos\/#\/schema\/logo\/image\/\"}}]}<\/script>\n<!-- \/ Yoast SEO plugin. -->","yoast_head_json":{"title":"Consultoria Energ\u00e9tica Empresarial - Personare Servi\u00e7os","description":"A Consultoria Energ\u00e9tica Empresarial ajuda a desbloquear resultados, atrair parceiros de neg\u00f3cio e funcion\u00e1rios alinhados com o crescimento da sua empresa.","robots":{"index":"index","follow":"follow","max-snippet":"max-snippet:-1","max-image-preview":"max-image-preview:large","max-video-preview":"max-video-preview:-1"},"canonical":"https:\/\/www.personare.com.br\/servicos\/produto\/consultoria-energetica-empresarial\/","og_locale":"pt_BR","og_type":"article","og_title":"Consultoria Energ\u00e9tica Empresarial - Personare Servi\u00e7os","og_description":"A Consultoria Energ\u00e9tica Empresarial ajuda a desbloquear resultados, atrair parceiros de neg\u00f3cio e funcion\u00e1rios alinhados com o crescimento da sua empresa.","og_url":"https:\/\/www.personare.com.br\/servicos\/produto\/consultoria-energetica-empresarial\/","og_site_name":"Personare Servi\u00e7os","article_modified_time":"2025-01-24T16:44:20+00:00","og_image":[{"width":1600,"height":1066,"url":"https:\/\/d2t4cfkrxg4dhd.cloudfront.net\/app\/uploads\/2022\/10\/WhatsApp-Image-2022-10-18-at-17.22.06-1.jpeg","type":"image\/jpeg"}],"twitter_card":"summary_large_image","twitter_misc":{"Est. tempo de leitura":"1 minuto"},"schema":{"@context":"https:\/\/schema.org","@graph":[{"@type":"WebPage","@id":"https:\/\/www.personare.com.br\/servicos\/produto\/consultoria-energetica-empresarial\/","url":"https:\/\/www.personare.com.br\/servicos\/produto\/consultoria-energetica-empresarial\/","name":"Consultoria Energ\u00e9tica Empresarial - Personare Servi\u00e7os","isPartOf":{"@id":"https:\/\/www.personare.com.br\/servicos\/#website"},"datePublished":"2022-10-18T20:02:26+00:00","dateModified":"2025-01-24T16:44:20+00:00","description":"A Consultoria Energ\u00e9tica Empresarial ajuda a desbloquear resultados, atrair parceiros de neg\u00f3cio e funcion\u00e1rios alinhados com o crescimento da sua empresa.","breadcrumb":{"@id":"https:\/\/www.personare.com.br\/servicos\/produto\/consultoria-energetica-empresarial\/#breadcrumb"},"inLanguage":"pt-BR","potentialAction":[{"@type":"ReadAction","target":["https:\/\/www.personare.com.br\/servicos\/produto\/consultoria-energetica-empresarial\/"]}]},{"@type":"BreadcrumbList","@id":"https:\/\/www.personare.com.br\/servicos\/produto\/consultoria-energetica-empresarial\/#breadcrumb","itemListElement":[{"@type":"ListItem","position":1,"name":"In\u00edcio","item":"https:\/\/www.personare.com.br\/servicos\/"},{"@type":"ListItem","position":2,"name":"Loja","item":"https:\/\/www.personare.com.br\/servicos\/busca\/"},{"@type":"ListItem","position":3,"name":"Consultoria Energ\u00e9tica Empresarial"}]},{"@type":"WebSite","@id":"https:\/\/www.personare.com.br\/servicos\/#website","url":"https:\/\/www.personare.com.br\/servicos\/","name":"Personare Servi\u00e7os","description":"Agende Consultas e Terapias Online no Personare","publisher":{"@id":"https:\/\/www.personare.com.br\/servicos\/#organization"},"potentialAction":[{"@type":"SearchAction","target":{"@type":"EntryPoint","urlTemplate":"https:\/\/www.personare.com.br\/servicos\/?s={search_term_string}"},"query-input":"required name=search_term_string"}],"inLanguage":"pt-BR"},{"@type":"Organization","@id":"https:\/\/www.personare.com.br\/servicos\/#organization","name":"Personare","url":"https:\/\/www.personare.com.br\/servicos\/","sameAs":[],"logo":{"@type":"ImageObject","inLanguage":"pt-BR","@id":"https:\/\/www.personare.com.br\/servicos\/#\/schema\/logo\/image\/","url":"https:\/\/d2t4cfkrxg4dhd.cloudfront.net\/app\/uploads\/2021\/04\/70295ca5d3b1be44570b5e6d0854fa942edb2ab6.png","contentUrl":"https:\/\/d2t4cfkrxg4dhd.cloudfront.net\/app\/uploads\/2021\/04\/70295ca5d3b1be44570b5e6d0854fa942edb2ab6.png","width":650,"height":554,"caption":"Personare"},"image":{"@id":"https:\/\/www.personare.com.br\/servicos\/#\/schema\/logo\/image\/"}}]}},"_links":{"self":[{"href":"https:\/\/www.personare.com.br\/servicos\/wp-json\/wp\/v2\/product\/4000"}],"collection":[{"href":"https:\/\/www.personare.com.br\/servicos\/wp-json\/wp\/v2\/product"}],"about":[{"href":"https:\/\/www.personare.com.br\/servicos\/wp-json\/wp\/v2\/types\/product"}],"replies":[{"embeddable":true,"href":"https:\/\/www.personare.com.br\/servicos\/wp-json\/wp\/v2\/comments?post=4000"}],"version-history":[{"count":6,"href":"https:\/\/www.personare.com.br\/servicos\/wp-json\/wp\/v2\/product\/4000\/revisions"}],"predecessor-version":[{"id":20480,"href":"https:\/\/www.personare.com.br\/servicos\/wp-json\/wp\/v2\/product\/4000\/revisions\/20480"}],"wp:featuredmedia":[{"embeddable":true,"href":"https:\/\/www.personare.com.br\/servicos\/wp-json\/wp\/v2\/media\/12043"}],"wp:attachment":[{"href":"https:\/\/www.personare.com.br\/servicos\/wp-json\/wp\/v2\/media?parent=4000"}],"wp:term":[{"taxonomy":"product_brand","embeddable":true,"href":"https:\/\/www.personare.com.br\/servicos\/wp-json\/wp\/v2\/product_brand?post=4000"},{"taxonomy":"product_cat","embeddable":true,"href":"https:\/\/www.personare.com.br\/servicos\/wp-json\/wp\/v2\/product_cat?post=4000"},{"taxonomy":"product_tag","embeddable":true,"href":"https:\/\/www.personare.com.br\/servicos\/wp-json\/wp\/v2\/product_tag?post=4000"},{"taxonomy":"areas-da-vida","embeddable":true,"href":"https:\/\/www.personare.com.br\/servicos\/wp-json\/wp\/v2\/areas-da-vida?post=4000"},{"taxonomy":"estudos-e-terapias","embeddable":true,"href":"https:\/\/www.personare.com.br\/servicos\/wp-json\/wp\/v2\/estudos-e-terapias?post=4000"},{"taxonomy":"dores-e-objetivos","embeddable":true,"href":"https:\/\/www.personare.com.br\/servicos\/wp-json\/wp\/v2\/dores-e-objetivos?post=4000"}],"curies":[{"name":"wp","href":"https:\/\/api.w.org\/{rel}","templated":true}]}}