{"id":22527,"date":"2025-08-11T18:16:27","date_gmt":"2025-08-11T21:16:27","guid":{"rendered":"https:\/\/www.personare.com.br\/servicos\/?post_type=product&#038;p=22527"},"modified":"2026-02-09T16:19:54","modified_gmt":"2026-02-09T19:19:54","slug":"previsoes-personalizadas-para-cada-novo-ciclo-lunar","status":"publish","type":"product","link":"https:\/\/www.personare.com.br\/servicos\/produto\/previsoes-personalizadas-para-cada-novo-ciclo-lunar\/","title":{"rendered":"Previs\u00f5es personalizadas para cada novo ciclo lunar"},"content":{"rendered":"<p>Para quem est\u00e1 vivendo momentos decisivos ou de transi\u00e7\u00e3o<\/p>\n<p>Pessoas que querem clareza mensal para tomar decis\u00f5es<\/p>\n<p>Quem deseja aproveitar melhor o tempo e estar em sintonia com os ciclos lunares<\/p>\n<p>Pessoas interessados em autoconhecimento e planejamento estrat\u00e9gico<\/p>\n<p>Para quem busca prepara\u00e7\u00e3o extra para per\u00edodos importantes, como mudan\u00e7as, lan\u00e7amentos ou viagens<\/p>\n","protected":false},"excerpt":{"rendered":"<p>Previs\u00f5es personalizadas para cada novo ciclo lunar<\/p>\n<p>As Previs\u00f5es Personalizadas para cada novo ciclo lunar s\u00e3o uma ferramenta astrol\u00f3gica precisa e poderosa para guiar voc\u00ea a cada per\u00edodo de 29 dias, do in\u00edcio de uma luna\u00e7\u00e3o pessoal at\u00e9 a seguinte.<\/p>\n<p>Essa consulta \u00e9 indicada especialmente para momentos como:<\/p>\n<ul>\n<li>Mudan\u00e7as importantes na vida<\/li>\n<li>Viagens e experi\u00eancias fora da rotina<\/li>\n<li>Per\u00edodos de transi\u00e7\u00e3o ou tomada de decis\u00e3o<\/li>\n<li>In\u00edcio de um novo projeto ou fase<\/li>\n<li>M\u00eas do anivers\u00e1rio ou eventos significativos<\/li>\n<\/ul>\n<p>O c\u00e1lculo \u00e9 feito para o momento exato em que a Lua retorna ao mesmo grau e signo em que estava no seu nascimento, a Revolu\u00e7\u00e3o Lunar, revelando um retrato \u00fanico e preciso do seu m\u00eas.<\/p>\n<p>Voc\u00ea pode escolher uma consulta pontual para o per\u00edodo que deseja compreender melhor.<\/p>\n<p>A interpreta\u00e7\u00e3o \u00e9 feita por Alexey Dodsworth, astr\u00f3logo renomado e autor da Revolu\u00e7\u00e3o Solar Personare, reconhecido por unir profundidade t\u00e9cnica e clareza nas orienta\u00e7\u00f5es.<\/p>\n","protected":false},"featured_media":17327,"comment_status":"open","ping_status":"closed","template":"","meta":{"_acf_changed":false,"footnotes":""},"product_brand":[],"product_cat":[52],"product_tag":[],"areas-da-vida":[163,170],"estudos-e-terapias":[129],"dores-e-objetivos":[82,83,104,202,120,229],"acf":[],"yoast_head":"<!-- This site is optimized with the Yoast SEO plugin v19.6.1 - https:\/\/yoast.com\/wordpress\/plugins\/seo\/ -->\n<title>Previs\u00f5es personalizadas para cada novo ciclo lunar - Personare Servi\u00e7os<\/title>\n<meta name=\"description\" content=\"Receba Previs\u00f5es Personalizadas da Revolu\u00e7\u00e3o Lunar para guiar seus pr\u00f3ximos 29 dias com clareza e precis\u00e3o. Ideal para momentos de mudan\u00e7as, decis\u00f5es e novos ciclos, com interpreta\u00e7\u00e3o do astr\u00f3logo Alexey Dodsworth.\" \/>\n<meta name=\"robots\" content=\"index, follow, max-snippet:-1, max-image-preview:large, max-video-preview:-1\" \/>\n<link rel=\"canonical\" href=\"https:\/\/www.personare.com.br\/servicos\/produto\/previsoes-personalizadas-para-cada-novo-ciclo-lunar\/\" \/>\n<meta property=\"og:locale\" content=\"pt_BR\" \/>\n<meta property=\"og:type\" content=\"article\" \/>\n<meta property=\"og:title\" content=\"Previs\u00f5es personalizadas para cada novo ciclo lunar - Personare Servi\u00e7os\" \/>\n<meta property=\"og:description\" content=\"Receba Previs\u00f5es Personalizadas da Revolu\u00e7\u00e3o Lunar para guiar seus pr\u00f3ximos 29 dias com clareza e precis\u00e3o. Ideal para momentos de mudan\u00e7as, decis\u00f5es e novos ciclos, com interpreta\u00e7\u00e3o do astr\u00f3logo Alexey Dodsworth.\" \/>\n<meta property=\"og:url\" content=\"https:\/\/www.personare.com.br\/servicos\/produto\/previsoes-personalizadas-para-cada-novo-ciclo-lunar\/\" \/>\n<meta property=\"og:site_name\" content=\"Personare Servi\u00e7os\" \/>\n<meta property=\"article:modified_time\" content=\"2026-02-09T19:19:54+00:00\" \/>\n<meta property=\"og:image\" content=\"https:\/\/d2t4cfkrxg4dhd.cloudfront.net\/app\/uploads\/2024\/07\/alexey-1-min.jpg\" \/>\n\t<meta property=\"og:image:width\" content=\"1819\" \/>\n\t<meta property=\"og:image:height\" content=\"1214\" \/>\n\t<meta property=\"og:image:type\" content=\"image\/jpeg\" \/>\n<meta name=\"twitter:card\" content=\"summary_large_image\" \/>\n<script type=\"application\/ld+json\" class=\"yoast-schema-graph\">{\"@context\":\"https:\/\/schema.org\",\"@graph\":[{\"@type\":\"WebPage\",\"@id\":\"https:\/\/www.personare.com.br\/servicos\/produto\/previsoes-personalizadas-para-cada-novo-ciclo-lunar\/\",\"url\":\"https:\/\/www.personare.com.br\/servicos\/produto\/previsoes-personalizadas-para-cada-novo-ciclo-lunar\/\",\"name\":\"Previs\u00f5es personalizadas para cada novo ciclo lunar - Personare Servi\u00e7os\",\"isPartOf\":{\"@id\":\"https:\/\/www.personare.com.br\/servicos\/#website\"},\"datePublished\":\"2025-08-11T21:16:27+00:00\",\"dateModified\":\"2026-02-09T19:19:54+00:00\",\"description\":\"Receba Previs\u00f5es Personalizadas da Revolu\u00e7\u00e3o Lunar para guiar seus pr\u00f3ximos 29 dias com clareza e precis\u00e3o. Ideal para momentos de mudan\u00e7as, decis\u00f5es e novos ciclos, com interpreta\u00e7\u00e3o do astr\u00f3logo Alexey Dodsworth.\",\"breadcrumb\":{\"@id\":\"https:\/\/www.personare.com.br\/servicos\/produto\/previsoes-personalizadas-para-cada-novo-ciclo-lunar\/#breadcrumb\"},\"inLanguage\":\"pt-BR\",\"potentialAction\":[{\"@type\":\"ReadAction\",\"target\":[\"https:\/\/www.personare.com.br\/servicos\/produto\/previsoes-personalizadas-para-cada-novo-ciclo-lunar\/\"]}]},{\"@type\":\"BreadcrumbList\",\"@id\":\"https:\/\/www.personare.com.br\/servicos\/produto\/previsoes-personalizadas-para-cada-novo-ciclo-lunar\/#breadcrumb\",\"itemListElement\":[{\"@type\":\"ListItem\",\"position\":1,\"name\":\"In\u00edcio\",\"item\":\"https:\/\/www.personare.com.br\/servicos\/\"},{\"@type\":\"ListItem\",\"position\":2,\"name\":\"Loja\",\"item\":\"https:\/\/www.personare.com.br\/servicos\/busca\/\"},{\"@type\":\"ListItem\",\"position\":3,\"name\":\"Previs\u00f5es personalizadas para cada novo ciclo lunar\"}]},{\"@type\":\"WebSite\",\"@id\":\"https:\/\/www.personare.com.br\/servicos\/#website\",\"url\":\"https:\/\/www.personare.com.br\/servicos\/\",\"name\":\"Personare Servi\u00e7os\",\"description\":\"Agende Consultas e Terapias Online no Personare\",\"publisher\":{\"@id\":\"https:\/\/www.personare.com.br\/servicos\/#organization\"},\"potentialAction\":[{\"@type\":\"SearchAction\",\"target\":{\"@type\":\"EntryPoint\",\"urlTemplate\":\"https:\/\/www.personare.com.br\/servicos\/?s={search_term_string}\"},\"query-input\":\"required name=search_term_string\"}],\"inLanguage\":\"pt-BR\"},{\"@type\":\"Organization\",\"@id\":\"https:\/\/www.personare.com.br\/servicos\/#organization\",\"name\":\"Personare\",\"url\":\"https:\/\/www.personare.com.br\/servicos\/\",\"sameAs\":[],\"logo\":{\"@type\":\"ImageObject\",\"inLanguage\":\"pt-BR\",\"@id\":\"https:\/\/www.personare.com.br\/servicos\/#\/schema\/logo\/image\/\",\"url\":\"https:\/\/d2t4cfkrxg4dhd.cloudfront.net\/app\/uploads\/2021\/04\/70295ca5d3b1be44570b5e6d0854fa942edb2ab6.png\",\"contentUrl\":\"https:\/\/d2t4cfkrxg4dhd.cloudfront.net\/app\/uploads\/2021\/04\/70295ca5d3b1be44570b5e6d0854fa942edb2ab6.png\",\"width\":650,\"height\":554,\"caption\":\"Personare\"},\"image\":{\"@id\":\"https:\/\/www.personare.com.br\/servicos\/#\/schema\/logo\/image\/\"}}]}<\/script>\n<!-- \/ Yoast SEO plugin. -->","yoast_head_json":{"title":"Previs\u00f5es personalizadas para cada novo ciclo lunar - Personare Servi\u00e7os","description":"Receba Previs\u00f5es Personalizadas da Revolu\u00e7\u00e3o Lunar para guiar seus pr\u00f3ximos 29 dias com clareza e precis\u00e3o. Ideal para momentos de mudan\u00e7as, decis\u00f5es e novos ciclos, com interpreta\u00e7\u00e3o do astr\u00f3logo Alexey Dodsworth.","robots":{"index":"index","follow":"follow","max-snippet":"max-snippet:-1","max-image-preview":"max-image-preview:large","max-video-preview":"max-video-preview:-1"},"canonical":"https:\/\/www.personare.com.br\/servicos\/produto\/previsoes-personalizadas-para-cada-novo-ciclo-lunar\/","og_locale":"pt_BR","og_type":"article","og_title":"Previs\u00f5es personalizadas para cada novo ciclo lunar - Personare Servi\u00e7os","og_description":"Receba Previs\u00f5es Personalizadas da Revolu\u00e7\u00e3o Lunar para guiar seus pr\u00f3ximos 29 dias com clareza e precis\u00e3o. Ideal para momentos de mudan\u00e7as, decis\u00f5es e novos ciclos, com interpreta\u00e7\u00e3o do astr\u00f3logo Alexey Dodsworth.","og_url":"https:\/\/www.personare.com.br\/servicos\/produto\/previsoes-personalizadas-para-cada-novo-ciclo-lunar\/","og_site_name":"Personare Servi\u00e7os","article_modified_time":"2026-02-09T19:19:54+00:00","og_image":[{"width":1819,"height":1214,"url":"https:\/\/d2t4cfkrxg4dhd.cloudfront.net\/app\/uploads\/2024\/07\/alexey-1-min.jpg","type":"image\/jpeg"}],"twitter_card":"summary_large_image","schema":{"@context":"https:\/\/schema.org","@graph":[{"@type":"WebPage","@id":"https:\/\/www.personare.com.br\/servicos\/produto\/previsoes-personalizadas-para-cada-novo-ciclo-lunar\/","url":"https:\/\/www.personare.com.br\/servicos\/produto\/previsoes-personalizadas-para-cada-novo-ciclo-lunar\/","name":"Previs\u00f5es personalizadas para cada novo ciclo lunar - Personare Servi\u00e7os","isPartOf":{"@id":"https:\/\/www.personare.com.br\/servicos\/#website"},"datePublished":"2025-08-11T21:16:27+00:00","dateModified":"2026-02-09T19:19:54+00:00","description":"Receba Previs\u00f5es Personalizadas da Revolu\u00e7\u00e3o Lunar para guiar seus pr\u00f3ximos 29 dias com clareza e precis\u00e3o. Ideal para momentos de mudan\u00e7as, decis\u00f5es e novos ciclos, com interpreta\u00e7\u00e3o do astr\u00f3logo Alexey Dodsworth.","breadcrumb":{"@id":"https:\/\/www.personare.com.br\/servicos\/produto\/previsoes-personalizadas-para-cada-novo-ciclo-lunar\/#breadcrumb"},"inLanguage":"pt-BR","potentialAction":[{"@type":"ReadAction","target":["https:\/\/www.personare.com.br\/servicos\/produto\/previsoes-personalizadas-para-cada-novo-ciclo-lunar\/"]}]},{"@type":"BreadcrumbList","@id":"https:\/\/www.personare.com.br\/servicos\/produto\/previsoes-personalizadas-para-cada-novo-ciclo-lunar\/#breadcrumb","itemListElement":[{"@type":"ListItem","position":1,"name":"In\u00edcio","item":"https:\/\/www.personare.com.br\/servicos\/"},{"@type":"ListItem","position":2,"name":"Loja","item":"https:\/\/www.personare.com.br\/servicos\/busca\/"},{"@type":"ListItem","position":3,"name":"Previs\u00f5es personalizadas para cada novo ciclo lunar"}]},{"@type":"WebSite","@id":"https:\/\/www.personare.com.br\/servicos\/#website","url":"https:\/\/www.personare.com.br\/servicos\/","name":"Personare Servi\u00e7os","description":"Agende Consultas e Terapias Online no Personare","publisher":{"@id":"https:\/\/www.personare.com.br\/servicos\/#organization"},"potentialAction":[{"@type":"SearchAction","target":{"@type":"EntryPoint","urlTemplate":"https:\/\/www.personare.com.br\/servicos\/?s={search_term_string}"},"query-input":"required name=search_term_string"}],"inLanguage":"pt-BR"},{"@type":"Organization","@id":"https:\/\/www.personare.com.br\/servicos\/#organization","name":"Personare","url":"https:\/\/www.personare.com.br\/servicos\/","sameAs":[],"logo":{"@type":"ImageObject","inLanguage":"pt-BR","@id":"https:\/\/www.personare.com.br\/servicos\/#\/schema\/logo\/image\/","url":"https:\/\/d2t4cfkrxg4dhd.cloudfront.net\/app\/uploads\/2021\/04\/70295ca5d3b1be44570b5e6d0854fa942edb2ab6.png","contentUrl":"https:\/\/d2t4cfkrxg4dhd.cloudfront.net\/app\/uploads\/2021\/04\/70295ca5d3b1be44570b5e6d0854fa942edb2ab6.png","width":650,"height":554,"caption":"Personare"},"image":{"@id":"https:\/\/www.personare.com.br\/servicos\/#\/schema\/logo\/image\/"}}]}},"_links":{"self":[{"href":"https:\/\/www.personare.com.br\/servicos\/wp-json\/wp\/v2\/product\/22527"}],"collection":[{"href":"https:\/\/www.personare.com.br\/servicos\/wp-json\/wp\/v2\/product"}],"about":[{"href":"https:\/\/www.personare.com.br\/servicos\/wp-json\/wp\/v2\/types\/product"}],"replies":[{"embeddable":true,"href":"https:\/\/www.personare.com.br\/servicos\/wp-json\/wp\/v2\/comments?post=22527"}],"version-history":[{"count":3,"href":"https:\/\/www.personare.com.br\/servicos\/wp-json\/wp\/v2\/product\/22527\/revisions"}],"predecessor-version":[{"id":22530,"href":"https:\/\/www.personare.com.br\/servicos\/wp-json\/wp\/v2\/product\/22527\/revisions\/22530"}],"wp:featuredmedia":[{"embeddable":true,"href":"https:\/\/www.personare.com.br\/servicos\/wp-json\/wp\/v2\/media\/17327"}],"wp:attachment":[{"href":"https:\/\/www.personare.com.br\/servicos\/wp-json\/wp\/v2\/media?parent=22527"}],"wp:term":[{"taxonomy":"product_brand","embeddable":true,"href":"https:\/\/www.personare.com.br\/servicos\/wp-json\/wp\/v2\/product_brand?post=22527"},{"taxonomy":"product_cat","embeddable":true,"href":"https:\/\/www.personare.com.br\/servicos\/wp-json\/wp\/v2\/product_cat?post=22527"},{"taxonomy":"product_tag","embeddable":true,"href":"https:\/\/www.personare.com.br\/servicos\/wp-json\/wp\/v2\/product_tag?post=22527"},{"taxonomy":"areas-da-vida","embeddable":true,"href":"https:\/\/www.personare.com.br\/servicos\/wp-json\/wp\/v2\/areas-da-vida?post=22527"},{"taxonomy":"estudos-e-terapias","embeddable":true,"href":"https:\/\/www.personare.com.br\/servicos\/wp-json\/wp\/v2\/estudos-e-terapias?post=22527"},{"taxonomy":"dores-e-objetivos","embeddable":true,"href":"https:\/\/www.personare.com.br\/servicos\/wp-json\/wp\/v2\/dores-e-objetivos?post=22527"}],"curies":[{"name":"wp","href":"https:\/\/api.w.org\/{rel}","templated":true}]}}