{"id":21044,"date":"2025-03-12T14:35:04","date_gmt":"2025-03-12T17:35:04","guid":{"rendered":"https:\/\/www.personare.com.br\/servicos\/?post_type=product&#038;p=21044"},"modified":"2025-03-24T18:21:23","modified_gmt":"2025-03-24T21:21:23","slug":"para-que-o-amor-aconteca-ciclo-de-sessoes-em-grupo-e-individual","status":"publish","type":"product","link":"https:\/\/www.personare.com.br\/servicos\/produto\/para-que-o-amor-aconteca-ciclo-de-sessoes-em-grupo-e-individual\/","title":{"rendered":"Para que o Amor Aconte\u00e7a \u2013 Ciclo de Sess\u00f5es em Grupo e Individual"},"content":{"rendered":"<p>Pessoas que passaram por t\u00e9rminos dif\u00edceis ou traumas amorosos<\/p>\n<p>Para quem tem com autoestima e inseguran\u00e7a nos relacionamentos<\/p>\n<p>Mulheres que sentem que &#8220;n\u00e3o t\u00eam sorte no amor&#8221;<\/p>\n<p>Para quem tem dificuldade em se abrir emocionalmente<\/p>\n<p>Pessoas que querem melhorar seus relacionamentos atuais<\/p>\n<p>Para quem sente que o amor n\u00e3o flui na mesma medida que outras \u00e1reas da vida<\/p>\n","protected":false},"excerpt":{"rendered":"<p>Voc\u00ea sente que sempre esbarra nos mesmos desafios no amor? Como se algo invis\u00edvel estivesse bloqueando a vida afetiva?<\/p>\n<p>Se padr\u00f5es repetitivos te impedem de viver rela\u00e7\u00f5es saud\u00e1veis e felizes, \u00e9 hora de atuar nas ra\u00edzes dessas quest\u00f5es e <strong>transformar sua energia afetiv<\/strong>a.<\/p>\n<p>Ao adquirir este combo exclusivo com 6 encontros, voc\u00ea ter\u00e1 acesso a um acompanhamento profundo e estruturado, combinando a for\u00e7a da troca em grupo com o cuidado individual.<\/p>\n<p>&#8211; 4 encontros online em grupo (1h30 cada) \u2013 Nos dias 24\/04, 01\/05, 15\/5 e 22\/05, sempre \u00e0s 16h. Esses encontros n\u00e3o poder\u00e3o ser remarcados, por serem em grupo.<\/p>\n<p>&#8211; 2 sess\u00f5es individuais (30 minutos cada) \u2013 Datas e hor\u00e1rios ser\u00e3o combinadas diretamente entre Ceci e cada cliente, e dever\u00e3o ser realizados at\u00e9 o dia 30\/06. Poder\u00e3o ser remarcados apenas uma vez.<\/p>\n<p>Com 16 anos de experi\u00eancia ajudando pessoas a transformarem suas vidas amorosas, sei que cada hist\u00f3ria \u00e9 \u00fanica. Por isso, este acompanhamento foi pensado para oferecer o melhor do trabalho em grupo sem perder os aspectos induvuduais e personalizados.<\/p>\n<p>Se voc\u00ea sente que chegou a hora de desbloquear o amor e criar novas possibilidades na sua vida afetiva, este \u00e9 o momento!<\/p>\n","protected":false},"featured_media":12061,"comment_status":"open","ping_status":"closed","template":"","meta":{"_acf_changed":false,"footnotes":""},"product_brand":[],"product_cat":[52],"product_tag":[],"areas-da-vida":[162],"estudos-e-terapias":[158],"dores-e-objetivos":[206,87,90,191],"acf":[],"yoast_head":"<!-- This site is optimized with the Yoast SEO plugin v19.6.1 - https:\/\/yoast.com\/wordpress\/plugins\/seo\/ -->\n<title>Para que o Amor Aconte\u00e7a \u2013 Ciclo de Sess\u00f5es em Grupo e Individual<\/title>\n<meta name=\"description\" content=\"Descubra e transforme padr\u00f5es que impedem que o amor aconte\u00e7a em sua vida. Participe do ciclo de encontros e abra caminhos para sua vida afetiva fluir\" \/>\n<meta name=\"robots\" content=\"index, follow, max-snippet:-1, max-image-preview:large, max-video-preview:-1\" \/>\n<link rel=\"canonical\" href=\"https:\/\/www.personare.com.br\/servicos\/produto\/para-que-o-amor-aconteca-ciclo-de-sessoes-em-grupo-e-individual\/\" \/>\n<meta property=\"og:locale\" content=\"pt_BR\" \/>\n<meta property=\"og:type\" content=\"article\" \/>\n<meta property=\"og:title\" content=\"Para que o Amor Aconte\u00e7a \u2013 Ciclo de Sess\u00f5es em Grupo e Individual\" \/>\n<meta property=\"og:description\" content=\"Descubra e transforme padr\u00f5es que impedem que o amor aconte\u00e7a em sua vida. Participe do ciclo de encontros e abra caminhos para sua vida afetiva fluir\" \/>\n<meta property=\"og:url\" content=\"https:\/\/www.personare.com.br\/servicos\/produto\/para-que-o-amor-aconteca-ciclo-de-sessoes-em-grupo-e-individual\/\" \/>\n<meta property=\"og:site_name\" content=\"Personare Servi\u00e7os\" \/>\n<meta property=\"article:modified_time\" content=\"2025-03-24T21:21:23+00:00\" \/>\n<meta property=\"og:image\" content=\"https:\/\/d2t4cfkrxg4dhd.cloudfront.net\/app\/uploads\/2021\/06\/WhatsApp-Image-2021-06-25-at-12.45.37-1.jpeg\" \/>\n\t<meta property=\"og:image:width\" content=\"1280\" \/>\n\t<meta property=\"og:image:height\" content=\"960\" \/>\n\t<meta property=\"og:image:type\" content=\"image\/jpeg\" \/>\n<meta name=\"twitter:card\" content=\"summary_large_image\" \/>\n<script type=\"application\/ld+json\" class=\"yoast-schema-graph\">{\"@context\":\"https:\/\/schema.org\",\"@graph\":[{\"@type\":\"WebPage\",\"@id\":\"https:\/\/www.personare.com.br\/servicos\/produto\/para-que-o-amor-aconteca-ciclo-de-sessoes-em-grupo-e-individual\/\",\"url\":\"https:\/\/www.personare.com.br\/servicos\/produto\/para-que-o-amor-aconteca-ciclo-de-sessoes-em-grupo-e-individual\/\",\"name\":\"Para que o Amor Aconte\u00e7a \u2013 Ciclo de Sess\u00f5es em Grupo e Individual\",\"isPartOf\":{\"@id\":\"https:\/\/www.personare.com.br\/servicos\/#website\"},\"datePublished\":\"2025-03-12T17:35:04+00:00\",\"dateModified\":\"2025-03-24T21:21:23+00:00\",\"description\":\"Descubra e transforme padr\u00f5es que impedem que o amor aconte\u00e7a em sua vida. Participe do ciclo de encontros e abra caminhos para sua vida afetiva fluir\",\"breadcrumb\":{\"@id\":\"https:\/\/www.personare.com.br\/servicos\/produto\/para-que-o-amor-aconteca-ciclo-de-sessoes-em-grupo-e-individual\/#breadcrumb\"},\"inLanguage\":\"pt-BR\",\"potentialAction\":[{\"@type\":\"ReadAction\",\"target\":[\"https:\/\/www.personare.com.br\/servicos\/produto\/para-que-o-amor-aconteca-ciclo-de-sessoes-em-grupo-e-individual\/\"]}]},{\"@type\":\"BreadcrumbList\",\"@id\":\"https:\/\/www.personare.com.br\/servicos\/produto\/para-que-o-amor-aconteca-ciclo-de-sessoes-em-grupo-e-individual\/#breadcrumb\",\"itemListElement\":[{\"@type\":\"ListItem\",\"position\":1,\"name\":\"In\u00edcio\",\"item\":\"https:\/\/www.personare.com.br\/servicos\/\"},{\"@type\":\"ListItem\",\"position\":2,\"name\":\"Loja\",\"item\":\"https:\/\/www.personare.com.br\/servicos\/busca\/\"},{\"@type\":\"ListItem\",\"position\":3,\"name\":\"Para que o Amor Aconte\u00e7a \u2013 Ciclo de Sess\u00f5es em Grupo e Individual\"}]},{\"@type\":\"WebSite\",\"@id\":\"https:\/\/www.personare.com.br\/servicos\/#website\",\"url\":\"https:\/\/www.personare.com.br\/servicos\/\",\"name\":\"Personare Servi\u00e7os\",\"description\":\"Agende Consultas e Terapias Online no Personare\",\"publisher\":{\"@id\":\"https:\/\/www.personare.com.br\/servicos\/#organization\"},\"potentialAction\":[{\"@type\":\"SearchAction\",\"target\":{\"@type\":\"EntryPoint\",\"urlTemplate\":\"https:\/\/www.personare.com.br\/servicos\/?s={search_term_string}\"},\"query-input\":\"required name=search_term_string\"}],\"inLanguage\":\"pt-BR\"},{\"@type\":\"Organization\",\"@id\":\"https:\/\/www.personare.com.br\/servicos\/#organization\",\"name\":\"Personare\",\"url\":\"https:\/\/www.personare.com.br\/servicos\/\",\"sameAs\":[],\"logo\":{\"@type\":\"ImageObject\",\"inLanguage\":\"pt-BR\",\"@id\":\"https:\/\/www.personare.com.br\/servicos\/#\/schema\/logo\/image\/\",\"url\":\"https:\/\/d2t4cfkrxg4dhd.cloudfront.net\/app\/uploads\/2021\/04\/70295ca5d3b1be44570b5e6d0854fa942edb2ab6.png\",\"contentUrl\":\"https:\/\/d2t4cfkrxg4dhd.cloudfront.net\/app\/uploads\/2021\/04\/70295ca5d3b1be44570b5e6d0854fa942edb2ab6.png\",\"width\":650,\"height\":554,\"caption\":\"Personare\"},\"image\":{\"@id\":\"https:\/\/www.personare.com.br\/servicos\/#\/schema\/logo\/image\/\"}}]}<\/script>\n<!-- \/ Yoast SEO plugin. -->","yoast_head_json":{"title":"Para que o Amor Aconte\u00e7a \u2013 Ciclo de Sess\u00f5es em Grupo e Individual","description":"Descubra e transforme padr\u00f5es que impedem que o amor aconte\u00e7a em sua vida. Participe do ciclo de encontros e abra caminhos para sua vida afetiva fluir","robots":{"index":"index","follow":"follow","max-snippet":"max-snippet:-1","max-image-preview":"max-image-preview:large","max-video-preview":"max-video-preview:-1"},"canonical":"https:\/\/www.personare.com.br\/servicos\/produto\/para-que-o-amor-aconteca-ciclo-de-sessoes-em-grupo-e-individual\/","og_locale":"pt_BR","og_type":"article","og_title":"Para que o Amor Aconte\u00e7a \u2013 Ciclo de Sess\u00f5es em Grupo e Individual","og_description":"Descubra e transforme padr\u00f5es que impedem que o amor aconte\u00e7a em sua vida. Participe do ciclo de encontros e abra caminhos para sua vida afetiva fluir","og_url":"https:\/\/www.personare.com.br\/servicos\/produto\/para-que-o-amor-aconteca-ciclo-de-sessoes-em-grupo-e-individual\/","og_site_name":"Personare Servi\u00e7os","article_modified_time":"2025-03-24T21:21:23+00:00","og_image":[{"width":1280,"height":960,"url":"https:\/\/d2t4cfkrxg4dhd.cloudfront.net\/app\/uploads\/2021\/06\/WhatsApp-Image-2021-06-25-at-12.45.37-1.jpeg","type":"image\/jpeg"}],"twitter_card":"summary_large_image","schema":{"@context":"https:\/\/schema.org","@graph":[{"@type":"WebPage","@id":"https:\/\/www.personare.com.br\/servicos\/produto\/para-que-o-amor-aconteca-ciclo-de-sessoes-em-grupo-e-individual\/","url":"https:\/\/www.personare.com.br\/servicos\/produto\/para-que-o-amor-aconteca-ciclo-de-sessoes-em-grupo-e-individual\/","name":"Para que o Amor Aconte\u00e7a \u2013 Ciclo de Sess\u00f5es em Grupo e Individual","isPartOf":{"@id":"https:\/\/www.personare.com.br\/servicos\/#website"},"datePublished":"2025-03-12T17:35:04+00:00","dateModified":"2025-03-24T21:21:23+00:00","description":"Descubra e transforme padr\u00f5es que impedem que o amor aconte\u00e7a em sua vida. Participe do ciclo de encontros e abra caminhos para sua vida afetiva fluir","breadcrumb":{"@id":"https:\/\/www.personare.com.br\/servicos\/produto\/para-que-o-amor-aconteca-ciclo-de-sessoes-em-grupo-e-individual\/#breadcrumb"},"inLanguage":"pt-BR","potentialAction":[{"@type":"ReadAction","target":["https:\/\/www.personare.com.br\/servicos\/produto\/para-que-o-amor-aconteca-ciclo-de-sessoes-em-grupo-e-individual\/"]}]},{"@type":"BreadcrumbList","@id":"https:\/\/www.personare.com.br\/servicos\/produto\/para-que-o-amor-aconteca-ciclo-de-sessoes-em-grupo-e-individual\/#breadcrumb","itemListElement":[{"@type":"ListItem","position":1,"name":"In\u00edcio","item":"https:\/\/www.personare.com.br\/servicos\/"},{"@type":"ListItem","position":2,"name":"Loja","item":"https:\/\/www.personare.com.br\/servicos\/busca\/"},{"@type":"ListItem","position":3,"name":"Para que o Amor Aconte\u00e7a \u2013 Ciclo de Sess\u00f5es em Grupo e Individual"}]},{"@type":"WebSite","@id":"https:\/\/www.personare.com.br\/servicos\/#website","url":"https:\/\/www.personare.com.br\/servicos\/","name":"Personare Servi\u00e7os","description":"Agende Consultas e Terapias Online no Personare","publisher":{"@id":"https:\/\/www.personare.com.br\/servicos\/#organization"},"potentialAction":[{"@type":"SearchAction","target":{"@type":"EntryPoint","urlTemplate":"https:\/\/www.personare.com.br\/servicos\/?s={search_term_string}"},"query-input":"required name=search_term_string"}],"inLanguage":"pt-BR"},{"@type":"Organization","@id":"https:\/\/www.personare.com.br\/servicos\/#organization","name":"Personare","url":"https:\/\/www.personare.com.br\/servicos\/","sameAs":[],"logo":{"@type":"ImageObject","inLanguage":"pt-BR","@id":"https:\/\/www.personare.com.br\/servicos\/#\/schema\/logo\/image\/","url":"https:\/\/d2t4cfkrxg4dhd.cloudfront.net\/app\/uploads\/2021\/04\/70295ca5d3b1be44570b5e6d0854fa942edb2ab6.png","contentUrl":"https:\/\/d2t4cfkrxg4dhd.cloudfront.net\/app\/uploads\/2021\/04\/70295ca5d3b1be44570b5e6d0854fa942edb2ab6.png","width":650,"height":554,"caption":"Personare"},"image":{"@id":"https:\/\/www.personare.com.br\/servicos\/#\/schema\/logo\/image\/"}}]}},"_links":{"self":[{"href":"https:\/\/www.personare.com.br\/servicos\/wp-json\/wp\/v2\/product\/21044"}],"collection":[{"href":"https:\/\/www.personare.com.br\/servicos\/wp-json\/wp\/v2\/product"}],"about":[{"href":"https:\/\/www.personare.com.br\/servicos\/wp-json\/wp\/v2\/types\/product"}],"replies":[{"embeddable":true,"href":"https:\/\/www.personare.com.br\/servicos\/wp-json\/wp\/v2\/comments?post=21044"}],"version-history":[{"count":19,"href":"https:\/\/www.personare.com.br\/servicos\/wp-json\/wp\/v2\/product\/21044\/revisions"}],"predecessor-version":[{"id":21179,"href":"https:\/\/www.personare.com.br\/servicos\/wp-json\/wp\/v2\/product\/21044\/revisions\/21179"}],"wp:featuredmedia":[{"embeddable":true,"href":"https:\/\/www.personare.com.br\/servicos\/wp-json\/wp\/v2\/media\/12061"}],"wp:attachment":[{"href":"https:\/\/www.personare.com.br\/servicos\/wp-json\/wp\/v2\/media?parent=21044"}],"wp:term":[{"taxonomy":"product_brand","embeddable":true,"href":"https:\/\/www.personare.com.br\/servicos\/wp-json\/wp\/v2\/product_brand?post=21044"},{"taxonomy":"product_cat","embeddable":true,"href":"https:\/\/www.personare.com.br\/servicos\/wp-json\/wp\/v2\/product_cat?post=21044"},{"taxonomy":"product_tag","embeddable":true,"href":"https:\/\/www.personare.com.br\/servicos\/wp-json\/wp\/v2\/product_tag?post=21044"},{"taxonomy":"areas-da-vida","embeddable":true,"href":"https:\/\/www.personare.com.br\/servicos\/wp-json\/wp\/v2\/areas-da-vida?post=21044"},{"taxonomy":"estudos-e-terapias","embeddable":true,"href":"https:\/\/www.personare.com.br\/servicos\/wp-json\/wp\/v2\/estudos-e-terapias?post=21044"},{"taxonomy":"dores-e-objetivos","embeddable":true,"href":"https:\/\/www.personare.com.br\/servicos\/wp-json\/wp\/v2\/dores-e-objetivos?post=21044"}],"curies":[{"name":"wp","href":"https:\/\/api.w.org\/{rel}","templated":true}]}}