{"id":19432,"date":"2024-11-14T19:12:56","date_gmt":"2024-11-14T22:12:56","guid":{"rendered":"https:\/\/www.personare.com.br\/servicos\/?post_type=product&#038;p=19432"},"modified":"2024-11-14T19:12:59","modified_gmt":"2024-11-14T22:12:59","slug":"terapia-integrativa-para-criancas","status":"publish","type":"product","link":"https:\/\/www.personare.com.br\/servicos\/produto\/terapia-integrativa-para-criancas\/","title":{"rendered":"Pacote de Terapia Integrativa para Crian\u00e7as"},"content":{"rendered":"<p>Pais e cuidadores que desejam aprender ferramentas pr\u00e1ticas para lidar com os desafios do comportamento infantil, promovendo uma rela\u00e7\u00e3o mais harmoniosa e compreensiva<\/p>\n<p>Respons\u00e1veis que valorizam o desenvolvimento integral e est\u00e3o abertos a explorar t\u00e9cnicas como Florais, Gin\u00e1stica Cerebral e educa\u00e7\u00e3o emocional para apoiar o crescimento da crian\u00e7a<\/p>\n<p>Crian\u00e7as que apresentam dificuldades em situa\u00e7\u00f5es que exigem concentra\u00e7\u00e3o, express\u00e3o de sentimentos ou socializa\u00e7\u00e3o<\/p>\n","protected":false},"excerpt":{"rendered":"<p>Est\u00e1 em busca de um acompanhamento terap\u00eautico para ajudar sua crian\u00e7a a desenvolver suas potencialidades e fortalecer a conex\u00e3o familiar? O pacote de sess\u00f5es de Terapia Integrativa \u00e9 ideal para apoiar o<strong> crescimento emocional e comportamental da crian\u00e7a<\/strong>, al\u00e9m de oferecer orienta\u00e7\u00e3o aos pais para lidar com os desafios do dia a dia.<\/p>\n<p>Em um ambiente acolhedor e seguro, a crian\u00e7a e seus respons\u00e1veis s\u00e3o acompanhados ao longo de 6 sess\u00f5es online, pensadas para proporcionar um desenvolvimento cont\u00ednuo e profundo.<\/p>\n<p>Com base em uma an\u00e1lise dos temperamentos de pais e filhos, s\u00e3o identificadas as melhores abordagens para promover o bem-estar e o fortalecimento dos v\u00ednculos familiares. Entre as t\u00e9cnicas indicadas est\u00e3o Florais, movimentos de Gin\u00e1stica Cerebral e educa\u00e7\u00e3o emocional.\u00a0<\/p>\n","protected":false},"featured_media":19431,"comment_status":"open","ping_status":"closed","template":"","meta":{"_acf_changed":false,"footnotes":""},"product_brand":[],"product_cat":[75],"product_tag":[],"areas-da-vida":[169],"estudos-e-terapias":[131,137,149],"dores-e-objetivos":[83,103],"acf":[],"yoast_head":"<!-- This site is optimized with the Yoast SEO plugin v19.6.1 - https:\/\/yoast.com\/wordpress\/plugins\/seo\/ -->\n<title>Pacote de Terapia Integrativa para Crian\u00e7as - Personare Servi\u00e7os<\/title>\n<meta name=\"robots\" content=\"index, follow, max-snippet:-1, max-image-preview:large, max-video-preview:-1\" \/>\n<link rel=\"canonical\" href=\"https:\/\/www.personare.com.br\/servicos\/produto\/terapia-integrativa-para-criancas\/\" \/>\n<meta property=\"og:locale\" content=\"pt_BR\" \/>\n<meta property=\"og:type\" content=\"article\" \/>\n<meta property=\"og:title\" content=\"Pacote de Terapia Integrativa para Crian\u00e7as - Personare Servi\u00e7os\" \/>\n<meta property=\"og:description\" content=\"Est\u00e1 em busca de um acompanhamento terap\u00eautico para ajudar sua crian\u00e7a a desenvolver suas potencialidades e fortalecer a conex\u00e3o familiar? O pacote de sess\u00f5es de Terapia Integrativa \u00e9 ideal para apoiar o crescimento emocional e comportamental da crian\u00e7a, al\u00e9m de oferecer orienta\u00e7\u00e3o aos pais para lidar com os desafios do dia a dia.Em um ambiente acolhedor e seguro, a crian\u00e7a e seus respons\u00e1veis s\u00e3o acompanhados ao longo de 6 sess\u00f5es online, pensadas para proporcionar um desenvolvimento cont\u00ednuo e profundo.Com base em uma an\u00e1lise dos temperamentos de pais e filhos, s\u00e3o identificadas as melhores abordagens para promover o bem-estar e o fortalecimento dos v\u00ednculos familiares. Entre as t\u00e9cnicas indicadas est\u00e3o Florais, movimentos de Gin\u00e1stica Cerebral e educa\u00e7\u00e3o emocional.\u00a0\" \/>\n<meta property=\"og:url\" content=\"https:\/\/www.personare.com.br\/servicos\/produto\/terapia-integrativa-para-criancas\/\" \/>\n<meta property=\"og:site_name\" content=\"Personare Servi\u00e7os\" \/>\n<meta property=\"article:modified_time\" content=\"2024-11-14T22:12:59+00:00\" \/>\n<meta property=\"og:image\" content=\"https:\/\/d2t4cfkrxg4dhd.cloudfront.net\/app\/uploads\/2021\/06\/Andrea-Leandro-2023.jpg\" \/>\n\t<meta property=\"og:image:width\" content=\"960\" \/>\n\t<meta property=\"og:image:height\" content=\"960\" \/>\n\t<meta property=\"og:image:type\" content=\"image\/jpeg\" \/>\n<meta name=\"twitter:card\" content=\"summary_large_image\" \/>\n<script type=\"application\/ld+json\" class=\"yoast-schema-graph\">{\"@context\":\"https:\/\/schema.org\",\"@graph\":[{\"@type\":\"WebPage\",\"@id\":\"https:\/\/www.personare.com.br\/servicos\/produto\/terapia-integrativa-para-criancas\/\",\"url\":\"https:\/\/www.personare.com.br\/servicos\/produto\/terapia-integrativa-para-criancas\/\",\"name\":\"Pacote de Terapia Integrativa para Crian\u00e7as - Personare Servi\u00e7os\",\"isPartOf\":{\"@id\":\"https:\/\/www.personare.com.br\/servicos\/#website\"},\"datePublished\":\"2024-11-14T22:12:56+00:00\",\"dateModified\":\"2024-11-14T22:12:59+00:00\",\"breadcrumb\":{\"@id\":\"https:\/\/www.personare.com.br\/servicos\/produto\/terapia-integrativa-para-criancas\/#breadcrumb\"},\"inLanguage\":\"pt-BR\",\"potentialAction\":[{\"@type\":\"ReadAction\",\"target\":[\"https:\/\/www.personare.com.br\/servicos\/produto\/terapia-integrativa-para-criancas\/\"]}]},{\"@type\":\"BreadcrumbList\",\"@id\":\"https:\/\/www.personare.com.br\/servicos\/produto\/terapia-integrativa-para-criancas\/#breadcrumb\",\"itemListElement\":[{\"@type\":\"ListItem\",\"position\":1,\"name\":\"In\u00edcio\",\"item\":\"https:\/\/www.personare.com.br\/servicos\/\"},{\"@type\":\"ListItem\",\"position\":2,\"name\":\"Loja\",\"item\":\"https:\/\/www.personare.com.br\/servicos\/busca\/\"},{\"@type\":\"ListItem\",\"position\":3,\"name\":\"Pacote de Terapia Integrativa para Crian\u00e7as\"}]},{\"@type\":\"WebSite\",\"@id\":\"https:\/\/www.personare.com.br\/servicos\/#website\",\"url\":\"https:\/\/www.personare.com.br\/servicos\/\",\"name\":\"Personare Servi\u00e7os\",\"description\":\"Agende Consultas e Terapias Online no Personare\",\"publisher\":{\"@id\":\"https:\/\/www.personare.com.br\/servicos\/#organization\"},\"potentialAction\":[{\"@type\":\"SearchAction\",\"target\":{\"@type\":\"EntryPoint\",\"urlTemplate\":\"https:\/\/www.personare.com.br\/servicos\/?s={search_term_string}\"},\"query-input\":\"required name=search_term_string\"}],\"inLanguage\":\"pt-BR\"},{\"@type\":\"Organization\",\"@id\":\"https:\/\/www.personare.com.br\/servicos\/#organization\",\"name\":\"Personare\",\"url\":\"https:\/\/www.personare.com.br\/servicos\/\",\"sameAs\":[],\"logo\":{\"@type\":\"ImageObject\",\"inLanguage\":\"pt-BR\",\"@id\":\"https:\/\/www.personare.com.br\/servicos\/#\/schema\/logo\/image\/\",\"url\":\"https:\/\/d2t4cfkrxg4dhd.cloudfront.net\/app\/uploads\/2021\/04\/70295ca5d3b1be44570b5e6d0854fa942edb2ab6.png\",\"contentUrl\":\"https:\/\/d2t4cfkrxg4dhd.cloudfront.net\/app\/uploads\/2021\/04\/70295ca5d3b1be44570b5e6d0854fa942edb2ab6.png\",\"width\":650,\"height\":554,\"caption\":\"Personare\"},\"image\":{\"@id\":\"https:\/\/www.personare.com.br\/servicos\/#\/schema\/logo\/image\/\"}}]}<\/script>\n<!-- \/ Yoast SEO plugin. -->","yoast_head_json":{"title":"Pacote de Terapia Integrativa para Crian\u00e7as - Personare Servi\u00e7os","robots":{"index":"index","follow":"follow","max-snippet":"max-snippet:-1","max-image-preview":"max-image-preview:large","max-video-preview":"max-video-preview:-1"},"canonical":"https:\/\/www.personare.com.br\/servicos\/produto\/terapia-integrativa-para-criancas\/","og_locale":"pt_BR","og_type":"article","og_title":"Pacote de Terapia Integrativa para Crian\u00e7as - Personare Servi\u00e7os","og_description":"Est\u00e1 em busca de um acompanhamento terap\u00eautico para ajudar sua crian\u00e7a a desenvolver suas potencialidades e fortalecer a conex\u00e3o familiar? O pacote de sess\u00f5es de Terapia Integrativa \u00e9 ideal para apoiar o crescimento emocional e comportamental da crian\u00e7a, al\u00e9m de oferecer orienta\u00e7\u00e3o aos pais para lidar com os desafios do dia a dia.Em um ambiente acolhedor e seguro, a crian\u00e7a e seus respons\u00e1veis s\u00e3o acompanhados ao longo de 6 sess\u00f5es online, pensadas para proporcionar um desenvolvimento cont\u00ednuo e profundo.Com base em uma an\u00e1lise dos temperamentos de pais e filhos, s\u00e3o identificadas as melhores abordagens para promover o bem-estar e o fortalecimento dos v\u00ednculos familiares. Entre as t\u00e9cnicas indicadas est\u00e3o Florais, movimentos de Gin\u00e1stica Cerebral e educa\u00e7\u00e3o emocional.\u00a0","og_url":"https:\/\/www.personare.com.br\/servicos\/produto\/terapia-integrativa-para-criancas\/","og_site_name":"Personare Servi\u00e7os","article_modified_time":"2024-11-14T22:12:59+00:00","og_image":[{"width":960,"height":960,"url":"https:\/\/d2t4cfkrxg4dhd.cloudfront.net\/app\/uploads\/2021\/06\/Andrea-Leandro-2023.jpg","type":"image\/jpeg"}],"twitter_card":"summary_large_image","schema":{"@context":"https:\/\/schema.org","@graph":[{"@type":"WebPage","@id":"https:\/\/www.personare.com.br\/servicos\/produto\/terapia-integrativa-para-criancas\/","url":"https:\/\/www.personare.com.br\/servicos\/produto\/terapia-integrativa-para-criancas\/","name":"Pacote de Terapia Integrativa para Crian\u00e7as - Personare Servi\u00e7os","isPartOf":{"@id":"https:\/\/www.personare.com.br\/servicos\/#website"},"datePublished":"2024-11-14T22:12:56+00:00","dateModified":"2024-11-14T22:12:59+00:00","breadcrumb":{"@id":"https:\/\/www.personare.com.br\/servicos\/produto\/terapia-integrativa-para-criancas\/#breadcrumb"},"inLanguage":"pt-BR","potentialAction":[{"@type":"ReadAction","target":["https:\/\/www.personare.com.br\/servicos\/produto\/terapia-integrativa-para-criancas\/"]}]},{"@type":"BreadcrumbList","@id":"https:\/\/www.personare.com.br\/servicos\/produto\/terapia-integrativa-para-criancas\/#breadcrumb","itemListElement":[{"@type":"ListItem","position":1,"name":"In\u00edcio","item":"https:\/\/www.personare.com.br\/servicos\/"},{"@type":"ListItem","position":2,"name":"Loja","item":"https:\/\/www.personare.com.br\/servicos\/busca\/"},{"@type":"ListItem","position":3,"name":"Pacote de Terapia Integrativa para Crian\u00e7as"}]},{"@type":"WebSite","@id":"https:\/\/www.personare.com.br\/servicos\/#website","url":"https:\/\/www.personare.com.br\/servicos\/","name":"Personare Servi\u00e7os","description":"Agende Consultas e Terapias Online no Personare","publisher":{"@id":"https:\/\/www.personare.com.br\/servicos\/#organization"},"potentialAction":[{"@type":"SearchAction","target":{"@type":"EntryPoint","urlTemplate":"https:\/\/www.personare.com.br\/servicos\/?s={search_term_string}"},"query-input":"required name=search_term_string"}],"inLanguage":"pt-BR"},{"@type":"Organization","@id":"https:\/\/www.personare.com.br\/servicos\/#organization","name":"Personare","url":"https:\/\/www.personare.com.br\/servicos\/","sameAs":[],"logo":{"@type":"ImageObject","inLanguage":"pt-BR","@id":"https:\/\/www.personare.com.br\/servicos\/#\/schema\/logo\/image\/","url":"https:\/\/d2t4cfkrxg4dhd.cloudfront.net\/app\/uploads\/2021\/04\/70295ca5d3b1be44570b5e6d0854fa942edb2ab6.png","contentUrl":"https:\/\/d2t4cfkrxg4dhd.cloudfront.net\/app\/uploads\/2021\/04\/70295ca5d3b1be44570b5e6d0854fa942edb2ab6.png","width":650,"height":554,"caption":"Personare"},"image":{"@id":"https:\/\/www.personare.com.br\/servicos\/#\/schema\/logo\/image\/"}}]}},"_links":{"self":[{"href":"https:\/\/www.personare.com.br\/servicos\/wp-json\/wp\/v2\/product\/19432"}],"collection":[{"href":"https:\/\/www.personare.com.br\/servicos\/wp-json\/wp\/v2\/product"}],"about":[{"href":"https:\/\/www.personare.com.br\/servicos\/wp-json\/wp\/v2\/types\/product"}],"replies":[{"embeddable":true,"href":"https:\/\/www.personare.com.br\/servicos\/wp-json\/wp\/v2\/comments?post=19432"}],"version-history":[{"count":6,"href":"https:\/\/www.personare.com.br\/servicos\/wp-json\/wp\/v2\/product\/19432\/revisions"}],"predecessor-version":[{"id":19471,"href":"https:\/\/www.personare.com.br\/servicos\/wp-json\/wp\/v2\/product\/19432\/revisions\/19471"}],"wp:featuredmedia":[{"embeddable":true,"href":"https:\/\/www.personare.com.br\/servicos\/wp-json\/wp\/v2\/media\/19431"}],"wp:attachment":[{"href":"https:\/\/www.personare.com.br\/servicos\/wp-json\/wp\/v2\/media?parent=19432"}],"wp:term":[{"taxonomy":"product_brand","embeddable":true,"href":"https:\/\/www.personare.com.br\/servicos\/wp-json\/wp\/v2\/product_brand?post=19432"},{"taxonomy":"product_cat","embeddable":true,"href":"https:\/\/www.personare.com.br\/servicos\/wp-json\/wp\/v2\/product_cat?post=19432"},{"taxonomy":"product_tag","embeddable":true,"href":"https:\/\/www.personare.com.br\/servicos\/wp-json\/wp\/v2\/product_tag?post=19432"},{"taxonomy":"areas-da-vida","embeddable":true,"href":"https:\/\/www.personare.com.br\/servicos\/wp-json\/wp\/v2\/areas-da-vida?post=19432"},{"taxonomy":"estudos-e-terapias","embeddable":true,"href":"https:\/\/www.personare.com.br\/servicos\/wp-json\/wp\/v2\/estudos-e-terapias?post=19432"},{"taxonomy":"dores-e-objetivos","embeddable":true,"href":"https:\/\/www.personare.com.br\/servicos\/wp-json\/wp\/v2\/dores-e-objetivos?post=19432"}],"curies":[{"name":"wp","href":"https:\/\/api.w.org\/{rel}","templated":true}]}}

Pacote de Terapia Integrativa para Crianças

<p>Pais e cuidadores que desejam aprender ferramentas práticas para lidar com os desafios do comportamento infantil, promovendo uma relação mais harmoniosa e compreensiva</p>
<p>Responsáveis que valorizam o desenvolvimento integral e estão abertos a explorar técnicas como Florais, Ginástica Cerebral e educação emocional para apoiar o crescimento da criança</p>
<p>Crianças que apresentam dificuldades em situações que exigem concentração, expressão de sentimentos ou socialização</p>

<p>Está em busca de um acompanhamento terapêutico para ajudar sua criança a desenvolver suas potencialidades e fortalecer a conexão familiar? O pacote de sessões de Terapia Integrativa é ideal para apoiar o<strong> crescimento emocional e comportamental da criança</strong>, além de oferecer orientação aos pais para lidar com os desafios do dia a dia.</p>
<p>Em um ambiente acolhedor e seguro, a criança e seus responsáveis são acompanhados ao longo de 6 sessões online, pensadas para proporcionar um desenvolvimento contínuo e profundo.</p>
<p>Com base em uma análise dos temperamentos de pais e filhos, são identificadas as melhores abordagens para promover o bem-estar e o fortalecimento dos vínculos familiares. Entre as técnicas indicadas estão Florais, movimentos de Ginástica Cerebral e educação emocional. </p>

<!-- This site is optimized with the Yoast SEO plugin v19.6.1 - https://yoast.com/wordpress/plugins/seo/ -->
<title>Pacote de Terapia Integrativa para Crianças - Personare Serviços</title>
<meta name="robots" content="index, follow, max-snippet:-1, max-image-preview:large, max-video-preview:-1" />
<link rel="canonical" href="https://www.personare.com.br/servicos/produto/terapia-integrativa-para-criancas/" />
<meta property="og:locale" content="pt_BR" />
<meta property="og:type" content="article" />
<meta property="og:title" content="Pacote de Terapia Integrativa para Crianças - Personare Serviços" />
<meta property="og:description" content="Está em busca de um acompanhamento terapêutico para ajudar sua criança a desenvolver suas potencialidades e fortalecer a conexão familiar? O pacote de sessões de Terapia Integrativa é ideal para apoiar o crescimento emocional e comportamental da criança, além de oferecer orientação aos pais para lidar com os desafios do dia a dia.Em um ambiente acolhedor e seguro, a criança e seus responsáveis são acompanhados ao longo de 6 sessões online, pensadas para proporcionar um desenvolvimento contínuo e profundo.Com base em uma análise dos temperamentos de pais e filhos, são identificadas as melhores abordagens para promover o bem-estar e o fortalecimento dos vínculos familiares. Entre as técnicas indicadas estão Florais, movimentos de Ginástica Cerebral e educação emocional. " />
<meta property="og:url" content="https://www.personare.com.br/servicos/produto/terapia-integrativa-para-criancas/" />
<meta property="og:site_name" content="Personare Serviços" />
<meta property="article:modified_time" content="2024-11-14T22:12:59+00:00" />
<meta property="og:image" content="https://d2t4cfkrxg4dhd.cloudfront.net/app/uploads/2021/06/Andrea-Leandro-2023.jpg" />
	<meta property="og:image:width" content="960" />
	<meta property="og:image:height" content="960" />
	<meta property="og:image:type" content="image/jpeg" />
<meta name="twitter:card" content="summary_large_image" />
<script type="application/ld+json" class="yoast-schema-graph">{"@context":"https://schema.org","@graph":[{"@type":"WebPage","@id":"https://www.personare.com.br/servicos/produto/terapia-integrativa-para-criancas/","url":"https://www.personare.com.br/servicos/produto/terapia-integrativa-para-criancas/","name":"Pacote de Terapia Integrativa para Crianças - Personare Serviços","isPartOf":{"@id":"https://www.personare.com.br/servicos/#website"},"datePublished":"2024-11-14T22:12:56+00:00","dateModified":"2024-11-14T22:12:59+00:00","breadcrumb":{"@id":"https://www.personare.com.br/servicos/produto/terapia-integrativa-para-criancas/#breadcrumb"},"inLanguage":"pt-BR","potentialAction":[{"@type":"ReadAction","target":["https://www.personare.com.br/servicos/produto/terapia-integrativa-para-criancas/"]}]},{"@type":"BreadcrumbList","@id":"https://www.personare.com.br/servicos/produto/terapia-integrativa-para-criancas/#breadcrumb","itemListElement":[{"@type":"ListItem","position":1,"name":"Início","item":"https://www.personare.com.br/servicos/"},{"@type":"ListItem","position":2,"name":"Loja","item":"https://www.personare.com.br/servicos/busca/"},{"@type":"ListItem","position":3,"name":"Pacote de Terapia Integrativa para Crianças"}]},{"@type":"WebSite","@id":"https://www.personare.com.br/servicos/#website","url":"https://www.personare.com.br/servicos/","name":"Personare Serviços","description":"Agende Consultas e Terapias Online no Personare","publisher":{"@id":"https://www.personare.com.br/servicos/#organization"},"potentialAction":[{"@type":"SearchAction","target":{"@type":"EntryPoint","urlTemplate":"https://www.personare.com.br/servicos/?s={search_term_string}"},"query-input":"required name=search_term_string"}],"inLanguage":"pt-BR"},{"@type":"Organization","@id":"https://www.personare.com.br/servicos/#organization","name":"Personare","url":"https://www.personare.com.br/servicos/","sameAs":[],"logo":{"@type":"ImageObject","inLanguage":"pt-BR","@id":"https://www.personare.com.br/servicos/#/schema/logo/image/","url":"https://d2t4cfkrxg4dhd.cloudfront.net/app/uploads/2021/04/70295ca5d3b1be44570b5e6d0854fa942edb2ab6.png","contentUrl":"https://d2t4cfkrxg4dhd.cloudfront.net/app/uploads/2021/04/70295ca5d3b1be44570b5e6d0854fa942edb2ab6.png","width":650,"height":554,"caption":"Personare"},"image":{"@id":"https://www.personare.com.br/servicos/#/schema/logo/image/"}}]}</script>
<!-- / Yoast SEO plugin. -->

Pacote de Terapia Integrativa para Crianças - Personare Serviços

Está em busca de um acompanhamento terapêutico para ajudar sua criança a desenvolver suas potencialidades e fortalecer a conexão familiar? O pacote de sessões de Terapia Integrativa é ideal para apoiar o crescimento emocional e comportamental da criança, além de oferecer orientação aos pais para lidar com os desafios do dia a dia.Em um ambiente acolhedor e seguro, a criança e seus responsáveis são acompanhados ao longo de 6 sessões online, pensadas para proporcionar um desenvolvimento contínuo e profundo.Com base em uma análise dos temperamentos de pais e filhos, são identificadas as melhores abordagens para promover o bem-estar e o fortalecimento dos vínculos familiares. Entre as técnicas indicadas estão Florais, movimentos de Ginástica Cerebral e educação emocional.

Personare Serviços

Início
