{"id":17408,"date":"2024-07-04T15:48:03","date_gmt":"2024-07-04T18:48:03","guid":{"rendered":"https:\/\/www.personare.com.br\/servicos\/?post_type=product&#038;p=17408"},"modified":"2024-09-09T17:33:39","modified_gmt":"2024-09-09T20:33:39","slug":"sessao-inicial-de-psicoterapia","status":"archived","type":"product","link":"https:\/\/www.personare.com.br\/servicos\/produto\/sessao-inicial-de-psicoterapia\/","title":{"rendered":"Sess\u00e3o inicial de psicoterapia"},"content":{"rendered":"<p>Mulheres que est\u00e3o passando por momentos de transi\u00e7\u00e3o na vida ou querem iniciar mudan\u00e7as profundas<\/p>\n<p>Quem se cobra demais e quer ampliar seu autocuidado<\/p>\n<p>Quem busca desenvolver sua estrutura emocional e centramento<\/p>\n<p>Mulheres que desejam aprender a lidar com suas emo\u00e7\u00f5es<\/p>\n<p>Quem deseja expressar mais a sua autenticidade e coragem em suas escolhas de vida<\/p>\n<p>Mulheres que se sentem ansiosas, angustiadas e sem rumo<\/p>\n<p>Quem chegou a um momento de vida decisivo e precisa se cuidar melhor<\/p>\n<p>Mulheres que querem aprofundar em seu autoconhecimento<\/p>\n","protected":false},"excerpt":{"rendered":"<p>Se voc\u00ea quer come\u00e7ar uma jornada de autoconhecimento para fazer transforma\u00e7\u00f5es profundas em sua vida, lidar com emo\u00e7\u00f5es de forma mais inteira e saud\u00e1vel, encontrando suporte e orienta\u00e7\u00e3o para se entender melhor e tra\u00e7ar seu caminho, esta consulta \u00e9 o primeiro passo.<\/p>\n<p>Nesta sess\u00e3o de psicoterapia online, falaremos sobre voc\u00ea, as suas buscas, o seu momento atual. Voc\u00ea poder\u00e1 sentir como \u00e9 o processo, como \u00e9 a nossa din\u00e2mica juntas. Falarei sobre como funciona o processo terap\u00eautico e,\u00a0 se voc\u00ea desejar dar continuidade, marcaremos a sua pr\u00f3xima sess\u00e3o de terapia virtual.\u00a0<\/p>\n","protected":false},"featured_media":17413,"comment_status":"open","ping_status":"closed","template":"","meta":{"_acf_changed":false,"footnotes":""},"product_brand":[],"product_cat":[52],"product_tag":[],"areas-da-vida":[163],"estudos-e-terapias":[146],"dores-e-objetivos":[82,215,99],"acf":[],"yoast_head":"<!-- This site is optimized with the Yoast SEO plugin v19.6.1 - https:\/\/yoast.com\/wordpress\/plugins\/seo\/ -->\n<title>Sess\u00e3o inicial de psicoterapia - Personare Servi\u00e7os<\/title>\n<meta name=\"description\" content=\"Se voc\u00ea quer come\u00e7ar uma jornada de autoconhecimento para fazer transforma\u00e7\u00f5es profundas em sua vida, lidar com emo\u00e7\u00f5es de forma mais inteira e saud\u00e1vel, ter suporte e companhia para se entender e tra\u00e7ar seu caminho, esta consulta \u00e9 o primeiro passo.\" \/>\n<meta name=\"robots\" content=\"index, follow, max-snippet:-1, max-image-preview:large, max-video-preview:-1\" \/>\n<link rel=\"canonical\" href=\"https:\/\/www.personare.com.br\/servicos\/produto\/sessao-inicial-de-psicoterapia\/\" \/>\n<meta property=\"og:locale\" content=\"pt_BR\" \/>\n<meta property=\"og:type\" content=\"article\" \/>\n<meta property=\"og:title\" content=\"Sess\u00e3o inicial de psicoterapia - Personare Servi\u00e7os\" \/>\n<meta property=\"og:description\" content=\"Se voc\u00ea quer come\u00e7ar uma jornada de autoconhecimento para fazer transforma\u00e7\u00f5es profundas em sua vida, lidar com emo\u00e7\u00f5es de forma mais inteira e saud\u00e1vel, ter suporte e companhia para se entender e tra\u00e7ar seu caminho, esta consulta \u00e9 o primeiro passo.\" \/>\n<meta property=\"og:url\" content=\"https:\/\/www.personare.com.br\/servicos\/produto\/sessao-inicial-de-psicoterapia\/\" \/>\n<meta property=\"og:site_name\" content=\"Personare Servi\u00e7os\" \/>\n<meta property=\"article:modified_time\" content=\"2024-09-09T20:33:39+00:00\" \/>\n<meta property=\"og:image\" content=\"https:\/\/d2t4cfkrxg4dhd.cloudfront.net\/app\/uploads\/2024\/07\/Juliana-Garcia-Cafe%CC%81-Magri.jpeg\" \/>\n\t<meta property=\"og:image:width\" content=\"768\" \/>\n\t<meta property=\"og:image:height\" content=\"1024\" \/>\n\t<meta property=\"og:image:type\" content=\"image\/jpeg\" \/>\n<meta name=\"twitter:card\" content=\"summary_large_image\" \/>\n<script type=\"application\/ld+json\" class=\"yoast-schema-graph\">{\"@context\":\"https:\/\/schema.org\",\"@graph\":[{\"@type\":\"WebPage\",\"@id\":\"https:\/\/www.personare.com.br\/servicos\/produto\/sessao-inicial-de-psicoterapia\/\",\"url\":\"https:\/\/www.personare.com.br\/servicos\/produto\/sessao-inicial-de-psicoterapia\/\",\"name\":\"Sess\u00e3o inicial de psicoterapia - Personare Servi\u00e7os\",\"isPartOf\":{\"@id\":\"https:\/\/www.personare.com.br\/servicos\/#website\"},\"datePublished\":\"2024-07-04T18:48:03+00:00\",\"dateModified\":\"2024-09-09T20:33:39+00:00\",\"description\":\"Se voc\u00ea quer come\u00e7ar uma jornada de autoconhecimento para fazer transforma\u00e7\u00f5es profundas em sua vida, lidar com emo\u00e7\u00f5es de forma mais inteira e saud\u00e1vel, ter suporte e companhia para se entender e tra\u00e7ar seu caminho, esta consulta \u00e9 o primeiro passo.\",\"breadcrumb\":{\"@id\":\"https:\/\/www.personare.com.br\/servicos\/produto\/sessao-inicial-de-psicoterapia\/#breadcrumb\"},\"inLanguage\":\"pt-BR\",\"potentialAction\":[{\"@type\":\"ReadAction\",\"target\":[\"https:\/\/www.personare.com.br\/servicos\/produto\/sessao-inicial-de-psicoterapia\/\"]}]},{\"@type\":\"BreadcrumbList\",\"@id\":\"https:\/\/www.personare.com.br\/servicos\/produto\/sessao-inicial-de-psicoterapia\/#breadcrumb\",\"itemListElement\":[{\"@type\":\"ListItem\",\"position\":1,\"name\":\"In\u00edcio\",\"item\":\"https:\/\/www.personare.com.br\/servicos\/\"},{\"@type\":\"ListItem\",\"position\":2,\"name\":\"Loja\",\"item\":\"https:\/\/www.personare.com.br\/servicos\/busca\/\"},{\"@type\":\"ListItem\",\"position\":3,\"name\":\"Sess\u00e3o inicial de psicoterapia\"}]},{\"@type\":\"WebSite\",\"@id\":\"https:\/\/www.personare.com.br\/servicos\/#website\",\"url\":\"https:\/\/www.personare.com.br\/servicos\/\",\"name\":\"Personare Servi\u00e7os\",\"description\":\"Agende Consultas e Terapias Online no Personare\",\"publisher\":{\"@id\":\"https:\/\/www.personare.com.br\/servicos\/#organization\"},\"potentialAction\":[{\"@type\":\"SearchAction\",\"target\":{\"@type\":\"EntryPoint\",\"urlTemplate\":\"https:\/\/www.personare.com.br\/servicos\/?s={search_term_string}\"},\"query-input\":\"required name=search_term_string\"}],\"inLanguage\":\"pt-BR\"},{\"@type\":\"Organization\",\"@id\":\"https:\/\/www.personare.com.br\/servicos\/#organization\",\"name\":\"Personare\",\"url\":\"https:\/\/www.personare.com.br\/servicos\/\",\"sameAs\":[],\"logo\":{\"@type\":\"ImageObject\",\"inLanguage\":\"pt-BR\",\"@id\":\"https:\/\/www.personare.com.br\/servicos\/#\/schema\/logo\/image\/\",\"url\":\"https:\/\/d2t4cfkrxg4dhd.cloudfront.net\/app\/uploads\/2021\/04\/70295ca5d3b1be44570b5e6d0854fa942edb2ab6.png\",\"contentUrl\":\"https:\/\/d2t4cfkrxg4dhd.cloudfront.net\/app\/uploads\/2021\/04\/70295ca5d3b1be44570b5e6d0854fa942edb2ab6.png\",\"width\":650,\"height\":554,\"caption\":\"Personare\"},\"image\":{\"@id\":\"https:\/\/www.personare.com.br\/servicos\/#\/schema\/logo\/image\/\"}}]}<\/script>\n<!-- \/ Yoast SEO plugin. -->","yoast_head_json":{"title":"Sess\u00e3o inicial de psicoterapia - Personare Servi\u00e7os","description":"Se voc\u00ea quer come\u00e7ar uma jornada de autoconhecimento para fazer transforma\u00e7\u00f5es profundas em sua vida, lidar com emo\u00e7\u00f5es de forma mais inteira e saud\u00e1vel, ter suporte e companhia para se entender e tra\u00e7ar seu caminho, esta consulta \u00e9 o primeiro passo.","robots":{"index":"index","follow":"follow","max-snippet":"max-snippet:-1","max-image-preview":"max-image-preview:large","max-video-preview":"max-video-preview:-1"},"canonical":"https:\/\/www.personare.com.br\/servicos\/produto\/sessao-inicial-de-psicoterapia\/","og_locale":"pt_BR","og_type":"article","og_title":"Sess\u00e3o inicial de psicoterapia - Personare Servi\u00e7os","og_description":"Se voc\u00ea quer come\u00e7ar uma jornada de autoconhecimento para fazer transforma\u00e7\u00f5es profundas em sua vida, lidar com emo\u00e7\u00f5es de forma mais inteira e saud\u00e1vel, ter suporte e companhia para se entender e tra\u00e7ar seu caminho, esta consulta \u00e9 o primeiro passo.","og_url":"https:\/\/www.personare.com.br\/servicos\/produto\/sessao-inicial-de-psicoterapia\/","og_site_name":"Personare Servi\u00e7os","article_modified_time":"2024-09-09T20:33:39+00:00","og_image":[{"width":768,"height":1024,"url":"https:\/\/d2t4cfkrxg4dhd.cloudfront.net\/app\/uploads\/2024\/07\/Juliana-Garcia-Cafe%CC%81-Magri.jpeg","type":"image\/jpeg"}],"twitter_card":"summary_large_image","schema":{"@context":"https:\/\/schema.org","@graph":[{"@type":"WebPage","@id":"https:\/\/www.personare.com.br\/servicos\/produto\/sessao-inicial-de-psicoterapia\/","url":"https:\/\/www.personare.com.br\/servicos\/produto\/sessao-inicial-de-psicoterapia\/","name":"Sess\u00e3o inicial de psicoterapia - Personare Servi\u00e7os","isPartOf":{"@id":"https:\/\/www.personare.com.br\/servicos\/#website"},"datePublished":"2024-07-04T18:48:03+00:00","dateModified":"2024-09-09T20:33:39+00:00","description":"Se voc\u00ea quer come\u00e7ar uma jornada de autoconhecimento para fazer transforma\u00e7\u00f5es profundas em sua vida, lidar com emo\u00e7\u00f5es de forma mais inteira e saud\u00e1vel, ter suporte e companhia para se entender e tra\u00e7ar seu caminho, esta consulta \u00e9 o primeiro passo.","breadcrumb":{"@id":"https:\/\/www.personare.com.br\/servicos\/produto\/sessao-inicial-de-psicoterapia\/#breadcrumb"},"inLanguage":"pt-BR","potentialAction":[{"@type":"ReadAction","target":["https:\/\/www.personare.com.br\/servicos\/produto\/sessao-inicial-de-psicoterapia\/"]}]},{"@type":"BreadcrumbList","@id":"https:\/\/www.personare.com.br\/servicos\/produto\/sessao-inicial-de-psicoterapia\/#breadcrumb","itemListElement":[{"@type":"ListItem","position":1,"name":"In\u00edcio","item":"https:\/\/www.personare.com.br\/servicos\/"},{"@type":"ListItem","position":2,"name":"Loja","item":"https:\/\/www.personare.com.br\/servicos\/busca\/"},{"@type":"ListItem","position":3,"name":"Sess\u00e3o inicial de psicoterapia"}]},{"@type":"WebSite","@id":"https:\/\/www.personare.com.br\/servicos\/#website","url":"https:\/\/www.personare.com.br\/servicos\/","name":"Personare Servi\u00e7os","description":"Agende Consultas e Terapias Online no Personare","publisher":{"@id":"https:\/\/www.personare.com.br\/servicos\/#organization"},"potentialAction":[{"@type":"SearchAction","target":{"@type":"EntryPoint","urlTemplate":"https:\/\/www.personare.com.br\/servicos\/?s={search_term_string}"},"query-input":"required name=search_term_string"}],"inLanguage":"pt-BR"},{"@type":"Organization","@id":"https:\/\/www.personare.com.br\/servicos\/#organization","name":"Personare","url":"https:\/\/www.personare.com.br\/servicos\/","sameAs":[],"logo":{"@type":"ImageObject","inLanguage":"pt-BR","@id":"https:\/\/www.personare.com.br\/servicos\/#\/schema\/logo\/image\/","url":"https:\/\/d2t4cfkrxg4dhd.cloudfront.net\/app\/uploads\/2021\/04\/70295ca5d3b1be44570b5e6d0854fa942edb2ab6.png","contentUrl":"https:\/\/d2t4cfkrxg4dhd.cloudfront.net\/app\/uploads\/2021\/04\/70295ca5d3b1be44570b5e6d0854fa942edb2ab6.png","width":650,"height":554,"caption":"Personare"},"image":{"@id":"https:\/\/www.personare.com.br\/servicos\/#\/schema\/logo\/image\/"}}]}},"_links":{"self":[{"href":"https:\/\/www.personare.com.br\/servicos\/wp-json\/wp\/v2\/product\/17408"}],"collection":[{"href":"https:\/\/www.personare.com.br\/servicos\/wp-json\/wp\/v2\/product"}],"about":[{"href":"https:\/\/www.personare.com.br\/servicos\/wp-json\/wp\/v2\/types\/product"}],"replies":[{"embeddable":true,"href":"https:\/\/www.personare.com.br\/servicos\/wp-json\/wp\/v2\/comments?post=17408"}],"version-history":[{"count":5,"href":"https:\/\/www.personare.com.br\/servicos\/wp-json\/wp\/v2\/product\/17408\/revisions"}],"predecessor-version":[{"id":17437,"href":"https:\/\/www.personare.com.br\/servicos\/wp-json\/wp\/v2\/product\/17408\/revisions\/17437"}],"wp:featuredmedia":[{"embeddable":true,"href":"https:\/\/www.personare.com.br\/servicos\/wp-json\/wp\/v2\/media\/17413"}],"wp:attachment":[{"href":"https:\/\/www.personare.com.br\/servicos\/wp-json\/wp\/v2\/media?parent=17408"}],"wp:term":[{"taxonomy":"product_brand","embeddable":true,"href":"https:\/\/www.personare.com.br\/servicos\/wp-json\/wp\/v2\/product_brand?post=17408"},{"taxonomy":"product_cat","embeddable":true,"href":"https:\/\/www.personare.com.br\/servicos\/wp-json\/wp\/v2\/product_cat?post=17408"},{"taxonomy":"product_tag","embeddable":true,"href":"https:\/\/www.personare.com.br\/servicos\/wp-json\/wp\/v2\/product_tag?post=17408"},{"taxonomy":"areas-da-vida","embeddable":true,"href":"https:\/\/www.personare.com.br\/servicos\/wp-json\/wp\/v2\/areas-da-vida?post=17408"},{"taxonomy":"estudos-e-terapias","embeddable":true,"href":"https:\/\/www.personare.com.br\/servicos\/wp-json\/wp\/v2\/estudos-e-terapias?post=17408"},{"taxonomy":"dores-e-objetivos","embeddable":true,"href":"https:\/\/www.personare.com.br\/servicos\/wp-json\/wp\/v2\/dores-e-objetivos?post=17408"}],"curies":[{"name":"wp","href":"https:\/\/api.w.org\/{rel}","templated":true}]}}