{"id":12572,"date":"2023-12-18T20:14:44","date_gmt":"2023-12-18T23:14:44","guid":{"rendered":"https:\/\/www.personare.com.br\/servicos\/?post_type=product&#038;p=12572"},"modified":"2025-09-19T17:42:13","modified_gmt":"2025-09-19T20:42:13","slug":"tarot-para-relacoes-afetivas","status":"publish","type":"product","link":"https:\/\/www.personare.com.br\/servicos\/produto\/tarot-para-relacoes-afetivas\/","title":{"rendered":"Tarot para Rela\u00e7\u00f5es Afetivas"},"content":{"rendered":"<ul>\n<li>Pessoas em busca de insights para fortalecer suas conex\u00f5es afetivas\u00a0<\/li>\n<li>Para quem precisa resolver conflitos nas rela\u00e7\u00f5es amorosas, familiares ou de amizade<\/li>\n<li>Quem anseia por relacionamentos mais saud\u00e1veis, gratificantes e significativos<\/li>\n<li>Casais que enfrentam comunica\u00e7\u00e3o deficiente e querem mudar a din\u00e2mica da rela\u00e7\u00e3o<\/li>\n<li>Quem deseja um compreens\u00e3o mais profunda de suas emo\u00e7\u00f5es e de suas necessidades dentro do relacionamento\u00a0<\/li>\n<\/ul>\n","protected":false},"excerpt":{"rendered":"<p>O Tarot para Rela\u00e7\u00f5es Afetivas pode ajudar a<strong> entender e melhorar suas din\u00e2micas emocionais<\/strong>. Ideal tanto para indiv\u00edduos quanto para casais, essa sess\u00e3o online proporciona orienta\u00e7\u00f5es pr\u00e1ticas, informa\u00e7\u00f5es importantes e reflex\u00f5es significativas para fortalecer suas conex\u00f5es afetivas, sejam elas amorosas, familiares ou de amizade.<\/p>\n<p>Ser\u00e3o abordados temas gerais dos relacionamentos afetivos como: o prop\u00f3sito da rela\u00e7\u00e3o, as bases de sustenta\u00e7\u00e3o da parceria, expectativas de uma pessoa em rela\u00e7\u00e3o \u00e0 outra, os valores de vida, as rela\u00e7\u00f5es externas e seus impactos na comunica\u00e7\u00e3o.<\/p>\n<p>No caso de rela\u00e7\u00f5es amorosa, a leitura compreende aspectos sexuais, mentais e emocionais que influenciam a din\u00e2mica do relacionamento.\u00a0<\/p>\n","protected":false},"featured_media":12569,"comment_status":"open","ping_status":"closed","template":"","meta":{"_acf_changed":false,"footnotes":""},"product_brand":[],"product_cat":[52],"product_tag":[],"areas-da-vida":[163,170],"estudos-e-terapias":[154],"dores-e-objetivos":[82,189,188,99,110],"acf":[],"yoast_head":"<!-- This site is optimized with the Yoast SEO plugin v19.6.1 - https:\/\/yoast.com\/wordpress\/plugins\/seo\/ -->\n<title>Tarot para Rela\u00e7\u00f5es Afetivas - Personare Servi\u00e7os<\/title>\n<meta name=\"robots\" content=\"index, follow, max-snippet:-1, max-image-preview:large, max-video-preview:-1\" \/>\n<link rel=\"canonical\" href=\"https:\/\/www.personare.com.br\/servicos\/produto\/tarot-para-relacoes-afetivas\/\" \/>\n<meta property=\"og:locale\" content=\"pt_BR\" \/>\n<meta property=\"og:type\" content=\"article\" \/>\n<meta property=\"og:title\" content=\"Tarot para Rela\u00e7\u00f5es Afetivas - Personare Servi\u00e7os\" \/>\n<meta property=\"og:description\" content=\"O Tarot para Rela\u00e7\u00f5es Afetivas pode ajudar a entender e melhorar suas din\u00e2micas emocionais. Ideal tanto para indiv\u00edduos quanto para casais, essa sess\u00e3o online proporciona orienta\u00e7\u00f5es pr\u00e1ticas, informa\u00e7\u00f5es importantes e reflex\u00f5es significativas para fortalecer suas conex\u00f5es afetivas, sejam elas amorosas, familiares ou de amizade.Ser\u00e3o abordados temas gerais dos relacionamentos afetivos como: o prop\u00f3sito da rela\u00e7\u00e3o, as bases de sustenta\u00e7\u00e3o da parceria, expectativas de uma pessoa em rela\u00e7\u00e3o \u00e0 outra, os valores de vida, as rela\u00e7\u00f5es externas e seus impactos na comunica\u00e7\u00e3o.No caso de rela\u00e7\u00f5es amorosa, a leitura compreende aspectos sexuais, mentais e emocionais que influenciam a din\u00e2mica do relacionamento.\u00a0\" \/>\n<meta property=\"og:url\" content=\"https:\/\/www.personare.com.br\/servicos\/produto\/tarot-para-relacoes-afetivas\/\" \/>\n<meta property=\"og:site_name\" content=\"Personare Servi\u00e7os\" \/>\n<meta property=\"article:modified_time\" content=\"2025-09-19T20:42:13+00:00\" \/>\n<meta property=\"og:image\" content=\"https:\/\/d2t4cfkrxg4dhd.cloudfront.net\/app\/uploads\/2023\/03\/IMG_8311.jpg\" \/>\n\t<meta property=\"og:image:width\" content=\"800\" \/>\n\t<meta property=\"og:image:height\" content=\"533\" \/>\n\t<meta property=\"og:image:type\" content=\"image\/jpeg\" \/>\n<meta name=\"twitter:card\" content=\"summary_large_image\" \/>\n<script type=\"application\/ld+json\" class=\"yoast-schema-graph\">{\"@context\":\"https:\/\/schema.org\",\"@graph\":[{\"@type\":\"WebPage\",\"@id\":\"https:\/\/www.personare.com.br\/servicos\/produto\/tarot-para-relacoes-afetivas\/\",\"url\":\"https:\/\/www.personare.com.br\/servicos\/produto\/tarot-para-relacoes-afetivas\/\",\"name\":\"Tarot para Rela\u00e7\u00f5es Afetivas - Personare Servi\u00e7os\",\"isPartOf\":{\"@id\":\"https:\/\/www.personare.com.br\/servicos\/#website\"},\"datePublished\":\"2023-12-18T23:14:44+00:00\",\"dateModified\":\"2025-09-19T20:42:13+00:00\",\"breadcrumb\":{\"@id\":\"https:\/\/www.personare.com.br\/servicos\/produto\/tarot-para-relacoes-afetivas\/#breadcrumb\"},\"inLanguage\":\"pt-BR\",\"potentialAction\":[{\"@type\":\"ReadAction\",\"target\":[\"https:\/\/www.personare.com.br\/servicos\/produto\/tarot-para-relacoes-afetivas\/\"]}]},{\"@type\":\"BreadcrumbList\",\"@id\":\"https:\/\/www.personare.com.br\/servicos\/produto\/tarot-para-relacoes-afetivas\/#breadcrumb\",\"itemListElement\":[{\"@type\":\"ListItem\",\"position\":1,\"name\":\"In\u00edcio\",\"item\":\"https:\/\/www.personare.com.br\/servicos\/\"},{\"@type\":\"ListItem\",\"position\":2,\"name\":\"Loja\",\"item\":\"https:\/\/www.personare.com.br\/servicos\/busca\/\"},{\"@type\":\"ListItem\",\"position\":3,\"name\":\"Tarot para Rela\u00e7\u00f5es Afetivas\"}]},{\"@type\":\"WebSite\",\"@id\":\"https:\/\/www.personare.com.br\/servicos\/#website\",\"url\":\"https:\/\/www.personare.com.br\/servicos\/\",\"name\":\"Personare Servi\u00e7os\",\"description\":\"Agende Consultas e Terapias Online no Personare\",\"publisher\":{\"@id\":\"https:\/\/www.personare.com.br\/servicos\/#organization\"},\"potentialAction\":[{\"@type\":\"SearchAction\",\"target\":{\"@type\":\"EntryPoint\",\"urlTemplate\":\"https:\/\/www.personare.com.br\/servicos\/?s={search_term_string}\"},\"query-input\":\"required name=search_term_string\"}],\"inLanguage\":\"pt-BR\"},{\"@type\":\"Organization\",\"@id\":\"https:\/\/www.personare.com.br\/servicos\/#organization\",\"name\":\"Personare\",\"url\":\"https:\/\/www.personare.com.br\/servicos\/\",\"sameAs\":[],\"logo\":{\"@type\":\"ImageObject\",\"inLanguage\":\"pt-BR\",\"@id\":\"https:\/\/www.personare.com.br\/servicos\/#\/schema\/logo\/image\/\",\"url\":\"https:\/\/d2t4cfkrxg4dhd.cloudfront.net\/app\/uploads\/2021\/04\/70295ca5d3b1be44570b5e6d0854fa942edb2ab6.png\",\"contentUrl\":\"https:\/\/d2t4cfkrxg4dhd.cloudfront.net\/app\/uploads\/2021\/04\/70295ca5d3b1be44570b5e6d0854fa942edb2ab6.png\",\"width\":650,\"height\":554,\"caption\":\"Personare\"},\"image\":{\"@id\":\"https:\/\/www.personare.com.br\/servicos\/#\/schema\/logo\/image\/\"}}]}<\/script>\n<!-- \/ Yoast SEO plugin. -->","yoast_head_json":{"title":"Tarot para Rela\u00e7\u00f5es Afetivas - Personare Servi\u00e7os","robots":{"index":"index","follow":"follow","max-snippet":"max-snippet:-1","max-image-preview":"max-image-preview:large","max-video-preview":"max-video-preview:-1"},"canonical":"https:\/\/www.personare.com.br\/servicos\/produto\/tarot-para-relacoes-afetivas\/","og_locale":"pt_BR","og_type":"article","og_title":"Tarot para Rela\u00e7\u00f5es Afetivas - Personare Servi\u00e7os","og_description":"O Tarot para Rela\u00e7\u00f5es Afetivas pode ajudar a entender e melhorar suas din\u00e2micas emocionais. Ideal tanto para indiv\u00edduos quanto para casais, essa sess\u00e3o online proporciona orienta\u00e7\u00f5es pr\u00e1ticas, informa\u00e7\u00f5es importantes e reflex\u00f5es significativas para fortalecer suas conex\u00f5es afetivas, sejam elas amorosas, familiares ou de amizade.Ser\u00e3o abordados temas gerais dos relacionamentos afetivos como: o prop\u00f3sito da rela\u00e7\u00e3o, as bases de sustenta\u00e7\u00e3o da parceria, expectativas de uma pessoa em rela\u00e7\u00e3o \u00e0 outra, os valores de vida, as rela\u00e7\u00f5es externas e seus impactos na comunica\u00e7\u00e3o.No caso de rela\u00e7\u00f5es amorosa, a leitura compreende aspectos sexuais, mentais e emocionais que influenciam a din\u00e2mica do relacionamento.\u00a0","og_url":"https:\/\/www.personare.com.br\/servicos\/produto\/tarot-para-relacoes-afetivas\/","og_site_name":"Personare Servi\u00e7os","article_modified_time":"2025-09-19T20:42:13+00:00","og_image":[{"width":800,"height":533,"url":"https:\/\/d2t4cfkrxg4dhd.cloudfront.net\/app\/uploads\/2023\/03\/IMG_8311.jpg","type":"image\/jpeg"}],"twitter_card":"summary_large_image","schema":{"@context":"https:\/\/schema.org","@graph":[{"@type":"WebPage","@id":"https:\/\/www.personare.com.br\/servicos\/produto\/tarot-para-relacoes-afetivas\/","url":"https:\/\/www.personare.com.br\/servicos\/produto\/tarot-para-relacoes-afetivas\/","name":"Tarot para Rela\u00e7\u00f5es Afetivas - Personare Servi\u00e7os","isPartOf":{"@id":"https:\/\/www.personare.com.br\/servicos\/#website"},"datePublished":"2023-12-18T23:14:44+00:00","dateModified":"2025-09-19T20:42:13+00:00","breadcrumb":{"@id":"https:\/\/www.personare.com.br\/servicos\/produto\/tarot-para-relacoes-afetivas\/#breadcrumb"},"inLanguage":"pt-BR","potentialAction":[{"@type":"ReadAction","target":["https:\/\/www.personare.com.br\/servicos\/produto\/tarot-para-relacoes-afetivas\/"]}]},{"@type":"BreadcrumbList","@id":"https:\/\/www.personare.com.br\/servicos\/produto\/tarot-para-relacoes-afetivas\/#breadcrumb","itemListElement":[{"@type":"ListItem","position":1,"name":"In\u00edcio","item":"https:\/\/www.personare.com.br\/servicos\/"},{"@type":"ListItem","position":2,"name":"Loja","item":"https:\/\/www.personare.com.br\/servicos\/busca\/"},{"@type":"ListItem","position":3,"name":"Tarot para Rela\u00e7\u00f5es Afetivas"}]},{"@type":"WebSite","@id":"https:\/\/www.personare.com.br\/servicos\/#website","url":"https:\/\/www.personare.com.br\/servicos\/","name":"Personare Servi\u00e7os","description":"Agende Consultas e Terapias Online no Personare","publisher":{"@id":"https:\/\/www.personare.com.br\/servicos\/#organization"},"potentialAction":[{"@type":"SearchAction","target":{"@type":"EntryPoint","urlTemplate":"https:\/\/www.personare.com.br\/servicos\/?s={search_term_string}"},"query-input":"required name=search_term_string"}],"inLanguage":"pt-BR"},{"@type":"Organization","@id":"https:\/\/www.personare.com.br\/servicos\/#organization","name":"Personare","url":"https:\/\/www.personare.com.br\/servicos\/","sameAs":[],"logo":{"@type":"ImageObject","inLanguage":"pt-BR","@id":"https:\/\/www.personare.com.br\/servicos\/#\/schema\/logo\/image\/","url":"https:\/\/d2t4cfkrxg4dhd.cloudfront.net\/app\/uploads\/2021\/04\/70295ca5d3b1be44570b5e6d0854fa942edb2ab6.png","contentUrl":"https:\/\/d2t4cfkrxg4dhd.cloudfront.net\/app\/uploads\/2021\/04\/70295ca5d3b1be44570b5e6d0854fa942edb2ab6.png","width":650,"height":554,"caption":"Personare"},"image":{"@id":"https:\/\/www.personare.com.br\/servicos\/#\/schema\/logo\/image\/"}}]}},"_links":{"self":[{"href":"https:\/\/www.personare.com.br\/servicos\/wp-json\/wp\/v2\/product\/12572"}],"collection":[{"href":"https:\/\/www.personare.com.br\/servicos\/wp-json\/wp\/v2\/product"}],"about":[{"href":"https:\/\/www.personare.com.br\/servicos\/wp-json\/wp\/v2\/types\/product"}],"replies":[{"embeddable":true,"href":"https:\/\/www.personare.com.br\/servicos\/wp-json\/wp\/v2\/comments?post=12572"}],"version-history":[{"count":24,"href":"https:\/\/www.personare.com.br\/servicos\/wp-json\/wp\/v2\/product\/12572\/revisions"}],"predecessor-version":[{"id":17209,"href":"https:\/\/www.personare.com.br\/servicos\/wp-json\/wp\/v2\/product\/12572\/revisions\/17209"}],"wp:featuredmedia":[{"embeddable":true,"href":"https:\/\/www.personare.com.br\/servicos\/wp-json\/wp\/v2\/media\/12569"}],"wp:attachment":[{"href":"https:\/\/www.personare.com.br\/servicos\/wp-json\/wp\/v2\/media?parent=12572"}],"wp:term":[{"taxonomy":"product_brand","embeddable":true,"href":"https:\/\/www.personare.com.br\/servicos\/wp-json\/wp\/v2\/product_brand?post=12572"},{"taxonomy":"product_cat","embeddable":true,"href":"https:\/\/www.personare.com.br\/servicos\/wp-json\/wp\/v2\/product_cat?post=12572"},{"taxonomy":"product_tag","embeddable":true,"href":"https:\/\/www.personare.com.br\/servicos\/wp-json\/wp\/v2\/product_tag?post=12572"},{"taxonomy":"areas-da-vida","embeddable":true,"href":"https:\/\/www.personare.com.br\/servicos\/wp-json\/wp\/v2\/areas-da-vida?post=12572"},{"taxonomy":"estudos-e-terapias","embeddable":true,"href":"https:\/\/www.personare.com.br\/servicos\/wp-json\/wp\/v2\/estudos-e-terapias?post=12572"},{"taxonomy":"dores-e-objetivos","embeddable":true,"href":"https:\/\/www.personare.com.br\/servicos\/wp-json\/wp\/v2\/dores-e-objetivos?post=12572"}],"curies":[{"name":"wp","href":"https:\/\/api.w.org\/{rel}","templated":true}]}}